Last updated on 2023-09-22 00:53:20 CEST.
Flavor | Version | Tinstall | Tcheck | Ttotal | Status | Flags |
---|---|---|---|---|---|---|
r-devel-linux-x86_64-debian-clang | 0.1.1 | 22.53 | 29.35 | 51.88 | NOTE | |
r-devel-linux-x86_64-debian-gcc | 0.1.1 | 14.94 | 21.64 | 36.58 | NOTE | |
r-devel-linux-x86_64-fedora-clang | 0.1.1 | 74.69 | NOTE | |||
r-devel-linux-x86_64-fedora-gcc | 0.1.1 | 66.30 | NOTE | |||
r-devel-windows-x86_64 | 0.1.1 | 19.00 | 78.00 | 97.00 | NOTE | |
r-patched-linux-x86_64 | 0.1.1 | 21.67 | 27.68 | 49.35 | NOTE | |
r-release-linux-x86_64 | 0.1.1 | 18.67 | 27.62 | 46.29 | NOTE | |
r-release-macos-arm64 | 0.1.1 | 24.00 | NOTE | |||
r-release-macos-x86_64 | 0.1.1 | 37.00 | NOTE | |||
r-release-windows-x86_64 | 0.1.1 | 19.00 | 73.00 | 92.00 | NOTE | |
r-oldrel-macos-arm64 | 0.1.1 | 26.00 | OK | |||
r-oldrel-macos-x86_64 | 0.1.1 | 30.00 | OK | |||
r-oldrel-windows-x86_64 | 0.1.1 | 26.00 | 75.00 | 101.00 | OK |
Version: 0.1.1
Check: C++ specification
Result: NOTE
Specified C++11: please drop specification unless essential
Flavors: r-devel-linux-x86_64-debian-clang, r-devel-linux-x86_64-debian-gcc, r-devel-linux-x86_64-fedora-clang, r-devel-linux-x86_64-fedora-gcc, r-devel-windows-x86_64, r-patched-linux-x86_64, r-release-linux-x86_64, r-release-macos-arm64, r-release-macos-x86_64, r-release-windows-x86_64