CRAN Package Check Results for Package igraph

Last updated on 2021-11-28 23:50:29 CET.

Flavor Version Tinstall Tcheck Ttotal Status Flags
r-devel-linux-x86_64-debian-clang 1.2.9 OK
r-devel-linux-x86_64-debian-gcc 1.2.9 149.20 226.19 375.39 OK
r-devel-linux-x86_64-fedora-clang 1.2.9 665.95 NOTE
r-devel-linux-x86_64-fedora-gcc 1.2.9 653.87 OK
r-devel-windows-x86_64-new-UL 1.2.9 285.00 325.00 610.00 WARN
r-devel-windows-x86_64-new-TK 1.2.8 OK
r-devel-windows-x86_64-old 1.2.9 321.00 480.00 801.00 NOTE
r-patched-linux-x86_64 1.2.9 178.21 288.14 466.35 OK
r-patched-solaris-x86 1.2.9 871.80 NOTE
r-release-linux-x86_64 1.2.9 171.81 287.10 458.91 OK
r-release-macos-arm64 1.2.9 NOTE
r-release-macos-x86_64 1.2.9 NOTE
r-release-windows-ix86+x86_64 1.2.8 590.00 841.00 1431.00 NOTE
r-oldrel-macos-x86_64 1.2.9 NOTE
r-oldrel-windows-ix86+x86_64 1.2.9 3.00 6.00 9.00 ERROR

Check Details

Version: 1.2.9
Check: installed package size
Result: NOTE
     installed size is 15.9Mb
     sub-directories of 1Mb or more:
     R 1.4Mb
     help 1.1Mb
     libs 12.9Mb
Flavors: r-devel-linux-x86_64-fedora-clang, r-devel-windows-x86_64-new-UL, r-devel-windows-x86_64-old, r-patched-solaris-x86, r-release-macos-arm64, r-release-macos-x86_64, r-oldrel-macos-x86_64

Version: 1.2.9
Check: whether package can be installed
Result: WARN
    Found the following significant warnings:
     WARNING: failed to apply patch patches/CRAN/igraph.diff
Flavor: r-devel-windows-x86_64-new-UL

Version: 1.2.8
Check: installed package size
Result: NOTE
     installed size is 16.3Mb
     sub-directories of 1Mb or more:
     R 1.4Mb
     help 1.1Mb
     libs 13.3Mb
Flavor: r-release-windows-ix86+x86_64

Version: 1.2.9
Check: whether package can be installed
Result: ERROR
    Installation failed.
Flavor: r-oldrel-windows-ix86+x86_64