Last updated on 2022-06-29 23:53:21 CEST.
Flavor | Version | Tinstall | Tcheck | Ttotal | Status | Flags |
---|---|---|---|---|---|---|
r-devel-linux-x86_64-debian-clang | 1.3.2 | 241.53 | 291.94 | 533.47 | OK | |
r-devel-linux-x86_64-debian-gcc | 1.3.2 | 205.98 | 220.75 | 426.73 | OK | |
r-devel-linux-x86_64-fedora-clang | 1.3.2 | 705.23 | NOTE | |||
r-devel-linux-x86_64-fedora-gcc | 1.3.2 | 667.64 | OK | |||
r-devel-windows-x86_64 | 1.3.2 | 743.00 | 477.00 | 1220.00 | NOTE | |
r-patched-linux-x86_64 | 1.3.2 | 206.53 | 282.60 | 489.13 | OK | |
r-release-linux-x86_64 | 1.3.2 | 214.36 | 280.66 | 495.02 | OK | |
r-release-macos-arm64 | 1.3.2 | 198.00 | NOTE | |||
r-release-macos-x86_64 | 1.3.2 | 260.00 | NOTE | |||
r-release-windows-x86_64 | 1.3.2 | 842.00 | 440.00 | 1282.00 | NOTE | |
r-oldrel-macos-arm64 | 1.3.2 | 179.00 | NOTE | |||
r-oldrel-macos-x86_64 | 1.3.2 | 253.00 | NOTE | |||
r-oldrel-windows-ix86+x86_64 | 1.3.2 | 723.00 | 688.00 | 1411.00 | NOTE |
Version: 1.3.2
Check: installed package size
Result: NOTE
installed size is 14.3Mb
sub-directories of 1Mb or more:
R 1.4Mb
help 1.2Mb
libs 11.2Mb
Flavors: r-devel-linux-x86_64-fedora-clang, r-devel-windows-x86_64, r-release-macos-arm64, r-release-macos-x86_64, r-release-windows-x86_64, r-oldrel-macos-arm64, r-oldrel-macos-x86_64, r-oldrel-windows-ix86+x86_64