CRAN Package Check Results for Package iglu

Last updated on 2021-08-03 23:52:12 CEST.

Flavor Version Tinstall Tcheck Ttotal Status Flags
r-devel-linux-x86_64-debian-clang 3.0.0 10.27 220.42 230.69 OK
r-devel-linux-x86_64-debian-gcc 3.0.0 8.87 154.00 162.87 OK
r-devel-linux-x86_64-fedora-clang 3.0.0 271.27 NOTE
r-devel-linux-x86_64-fedora-gcc 3.0.0 259.96 NOTE
r-devel-windows-x86_64 3.0.0 26.00 264.00 290.00 OK
r-devel-windows-x86_64-gcc10-UCRT 3.0.0 NOTE
r-patched-linux-x86_64 3.0.0 17.22 202.42 219.64 OK
r-patched-solaris-x86 3.0.0 335.80 NOTE
r-release-linux-x86_64 3.0.0 10.60 203.87 214.47 OK
r-release-macos-arm64 3.0.0 WARN
r-release-macos-x86_64 3.0.0 NOTE
r-release-windows-ix86+x86_64 3.0.0 24.00 271.00 295.00 OK
r-oldrel-macos-x86_64 3.0.0 NOTE
r-oldrel-windows-ix86+x86_64 3.0.0 17.00 219.00 236.00 OK

Check Details

Version: 3.0.0
Check: dependencies in R code
Result: NOTE
    Namespace in Imports field not imported from: ‘plotly’
     All declared Imports should be used.
Flavors: r-devel-linux-x86_64-fedora-clang, r-devel-linux-x86_64-fedora-gcc, r-devel-windows-x86_64-gcc10-UCRT, r-patched-solaris-x86, r-release-macos-arm64, r-release-macos-x86_64, r-oldrel-macos-x86_64

Version: 3.0.0
Check: re-building of vignette outputs
Result: WARN
    Error(s) in re-building vignettes:
    --- re-building ‘AGP_and_Episodes.Rmd’ using rmarkdown
    Warning in engine$weave(file, quiet = quiet, encoding = enc) :
     Pandoc (>= 1.12.3) not available. Falling back to R Markdown v1.
    Quitting from lines 24-25 (AGP_and_Episodes.Rmd)
    Error: processing vignette 'AGP_and_Episodes.Rmd' failed with diagnostics:
    polygon edge not found
    --- failed re-building ‘AGP_and_Episodes.Rmd’
    
    --- re-building ‘iglu.Rmd’ using rmarkdown
    Warning in engine$weave(file, quiet = quiet, encoding = enc) :
     Pandoc (>= 1.12.3) not available. Falling back to R Markdown v1.
    Quitting from lines 275-277 (iglu.Rmd)
    Error: processing vignette 'iglu.Rmd' failed with diagnostics:
    polygon edge not found
    --- failed re-building ‘iglu.Rmd’
    
    --- re-building ‘lasagna_plots.Rmd’ using rmarkdown
    Warning in engine$weave(file, quiet = quiet, encoding = enc) :
     Pandoc (>= 1.12.3) not available. Falling back to R Markdown v1.
    Quitting from lines 24-26 (lasagna_plots.Rmd)
    Error: processing vignette 'lasagna_plots.Rmd' failed with diagnostics:
    polygon edge not found
    --- failed re-building ‘lasagna_plots.Rmd’
    
    --- re-building ‘metrics_list.Rmd’ using rmarkdown
    Warning in engine$weave(file, quiet = quiet, encoding = enc) :
     Pandoc (>= 1.12.3) not available. Falling back to R Markdown v1.
    --- finished re-building ‘metrics_list.Rmd’
    
    SUMMARY: processing the following files failed:
     ‘AGP_and_Episodes.Rmd’ ‘iglu.Rmd’ ‘lasagna_plots.Rmd’
    
    Error: Vignette re-building failed.
    Execution halted
Flavor: r-release-macos-arm64