CRAN Package Check Results for Package igate

Last updated on 2021-10-24 23:51:50 CEST.

Flavor Version Tinstall Tcheck Ttotal Status Flags
r-devel-linux-x86_64-debian-clang 0.3.3 5.69 70.70 76.39 OK
r-devel-linux-x86_64-debian-gcc 0.3.3 4.99 53.24 58.23 OK
r-devel-linux-x86_64-fedora-clang 0.3.3 102.28 NOTE
r-devel-linux-x86_64-fedora-gcc 0.3.3 90.42 NOTE
r-devel-windows-x86_64 0.3.3 12.00 98.00 110.00 OK
r-devel-windows-x86_64-gcc10-UCRT 0.3.3 NOTE
r-patched-linux-x86_64 0.3.3 6.29 67.82 74.11 OK
r-patched-solaris-x86 0.3.3 121.90 NOTE
r-release-linux-x86_64 0.3.3 5.62 66.81 72.43 OK
r-release-macos-arm64 0.3.3 NOTE
r-release-macos-x86_64 0.3.3 NOTE
r-release-windows-ix86+x86_64 0.3.3 12.00 92.00 104.00 OK
r-oldrel-macos-x86_64 0.3.3 NOTE
r-oldrel-windows-ix86+x86_64 0.3.3 16.00 99.00 115.00 OK

Check Details

Version: 0.3.3
Check: dependencies in R code
Result: NOTE
    Namespaces in Imports field not imported from:
     ‘kableExtra’ ‘knitr’ ‘xtable’
     All declared Imports should be used.
Flavors: r-devel-linux-x86_64-fedora-clang, r-devel-linux-x86_64-fedora-gcc, r-devel-windows-x86_64-gcc10-UCRT, r-patched-solaris-x86, r-release-macos-arm64, r-release-macos-x86_64, r-oldrel-macos-x86_64