CRAN Package Check Results for Package idiogramFISH

Last updated on 2021-10-23 23:50:14 CEST.

Flavor Version Tinstall Tcheck Ttotal Status Flags
r-devel-linux-x86_64-debian-clang 2.0.6 33.00 142.67 175.67 OK
r-devel-linux-x86_64-debian-gcc 2.0.6 26.14 104.38 130.52 OK
r-devel-linux-x86_64-fedora-clang 2.0.6 209.62 OK
r-devel-linux-x86_64-fedora-gcc 2.0.6 203.81 OK
r-devel-windows-x86_64 2.0.6 54.00 169.00 223.00 OK
r-devel-windows-x86_64-gcc10-UCRT 2.0.6 OK
r-patched-linux-x86_64 2.0.6 30.90 140.45 171.35 OK
r-patched-solaris-x86 2.0.6 256.90 OK
r-release-linux-x86_64 2.0.6 26.01 139.08 165.09 OK
r-release-macos-arm64 2.0.6 OK
r-release-macos-x86_64 2.0.6 NOTE
r-release-windows-ix86+x86_64 2.0.6 46.00 160.00 206.00 OK
r-oldrel-macos-x86_64 2.0.6 NOTE
r-oldrel-windows-ix86+x86_64 2.0.6 58.00 163.00 221.00 OK

Check Details

Version: 2.0.6
Check: package dependencies
Result: NOTE
    Packages suggested but not available for checking: 'ggtree', 'treeio'
Flavors: r-release-macos-x86_64, r-oldrel-macos-x86_64