Last updated on 2023-02-05 23:58:46 CET.
Flavor | Version | Tinstall | Tcheck | Ttotal | Status | Flags |
---|---|---|---|---|---|---|
r-devel-linux-x86_64-debian-clang | 1.2.0 | 35.39 | 80.19 | 115.58 | NOTE | |
r-devel-linux-x86_64-debian-gcc | 1.2.0 | 30.46 | 61.59 | 92.05 | NOTE | |
r-devel-linux-x86_64-fedora-clang | 1.2.0 | 159.07 | NOTE | |||
r-devel-linux-x86_64-fedora-gcc | 1.2.0 | 149.72 | NOTE | |||
r-devel-windows-x86_64 | 1.2.0 | 38.00 | 131.00 | 169.00 | NOTE | |
r-patched-linux-x86_64 | 1.2.0 | 28.09 | 78.33 | 106.42 | OK | |
r-release-linux-x86_64 | 1.2.0 | 28.51 | 80.02 | 108.53 | OK | |
r-release-macos-arm64 | 1.2.0 | 43.00 | OK | |||
r-release-macos-x86_64 | 1.2.0 | 73.00 | OK | |||
r-release-windows-x86_64 | 1.2.0 | 40.00 | 134.00 | 174.00 | OK | |
r-oldrel-macos-arm64 | 1.2.0 | 49.00 | OK | |||
r-oldrel-macos-x86_64 | 1.2.0 | 71.00 | OK | |||
r-oldrel-windows-ix86+x86_64 | 1.2.0 | 93.00 | 156.00 | 249.00 | OK |
Version: 1.2.0
Check: C++ specification
Result: NOTE
Specified C++11: please update to current default of C++17
Flavors: r-devel-linux-x86_64-debian-clang, r-devel-linux-x86_64-debian-gcc, r-devel-linux-x86_64-fedora-clang, r-devel-linux-x86_64-fedora-gcc, r-devel-windows-x86_64