CRAN Package Check Results for Package iccCounts

Last updated on 2021-10-27 23:50:27 CEST.

Flavor Version Tinstall Tcheck Ttotal Status Flags
r-devel-linux-x86_64-debian-clang 1.0.3 13.06 156.10 169.16 OK
r-devel-linux-x86_64-debian-gcc 1.0.3 11.20 118.14 129.34 OK
r-devel-linux-x86_64-fedora-clang 1.0.3 212.62 OK
r-devel-linux-x86_64-fedora-gcc 1.0.3 204.49 OK
r-devel-windows-x86_64 1.0.3 22.00 152.00 174.00 OK
r-devel-windows-x86_64-gcc10-UCRT 1.0.3 OK
r-patched-linux-x86_64 1.0.3 14.96 145.96 160.92 OK
r-patched-solaris-x86 1.0.3 6.00 ERROR
r-release-linux-x86_64 1.0.3 11.47 150.59 162.06 OK
r-release-macos-arm64 1.0.3 OK
r-release-macos-x86_64 1.0.3 OK
r-release-windows-ix86+x86_64 1.0.3 23.00 182.00 205.00 OK
r-oldrel-macos-x86_64 1.0.3 OK
r-oldrel-windows-ix86+x86_64 1.0.3 24.00 178.00 202.00 OK

Check Details

Version: 1.0.3
Check: package dependencies
Result: ERROR
    Package required but not available: ‘glmmTMB’
    
    See section ‘The DESCRIPTION file’ in the ‘Writing R Extensions’
    manual.
Flavor: r-patched-solaris-x86