CRAN Package Check Results for Package iNZightRegression

Last updated on 2021-09-23 23:50:09 CEST.

Flavor Version Tinstall Tcheck Ttotal Status Flags
r-devel-linux-x86_64-debian-clang 1.3.1 15.44 150.00 165.44 OK
r-devel-linux-x86_64-debian-gcc 1.3.1 14.48 112.03 126.51 OK
r-devel-linux-x86_64-fedora-clang 1.3.1 211.49 OK
r-devel-linux-x86_64-fedora-gcc 1.3.1 199.10 OK
r-devel-windows-x86_64 1.3.1 21.00 122.00 143.00 ERROR
r-devel-windows-x86_64-gcc10-UCRT 1.3.1 ERROR
r-patched-linux-x86_64 1.3.1 14.64 142.30 156.94 OK
r-patched-solaris-x86 1.3.1 269.50 OK
r-release-linux-x86_64 1.3.1 15.24 143.07 158.31 OK
r-release-macos-arm64 1.3.1 OK
r-release-macos-x86_64 1.3.1 OK
r-release-windows-ix86+x86_64 1.3.1 37.00 136.00 173.00 OK
r-oldrel-macos-x86_64 1.3.1 OK
r-oldrel-windows-ix86+x86_64 1.3.1 25.00 124.00 149.00 ERROR

Check Details

Version: 1.3.1
Check: tests
Result: ERROR
     Running 'testthat.R' [10s]
    Running the tests in 'tests/testthat.R' failed.
    Complete output:
     > library(testthat)
     > library(iNZightRegression)
     >
     > test_check("iNZightRegression")
Flavor: r-devel-windows-x86_64

Version: 1.3.1
Check: tests
Result: ERROR
     Running 'testthat.R'
    Running the tests in 'tests/testthat.R' failed.
    Complete output:
     > library(testthat)
     > library(iNZightRegression)
     >
     > test_check("iNZightRegression")
Flavor: r-devel-windows-x86_64-gcc10-UCRT

Version: 1.3.1
Check: tests
Result: ERROR
     Running 'testthat.R' [11s]
    Running the tests in 'tests/testthat.R' failed.
    Complete output:
     > library(testthat)
     > library(iNZightRegression)
     >
     > test_check("iNZightRegression")
Flavor: r-oldrel-windows-ix86+x86_64