CRAN Package Check Results for Package iNZightMR

Last updated on 2022-01-23 23:50:19 CET.

Flavor Version Tinstall Tcheck Ttotal Status Flags
r-devel-linux-x86_64-debian-clang 2.2.6 3.87 56.04 59.91 OK
r-devel-linux-x86_64-debian-gcc 2.2.6 3.65 47.43 51.08 OK
r-devel-linux-x86_64-fedora-clang 2.2.6 75.31 OK
r-devel-linux-x86_64-fedora-gcc 2.2.6 64.77 OK
r-devel-windows-x86_64-new-UL 2.2.6 37.00 77.00 114.00 OK
r-devel-windows-x86_64-new-TK 2.2.6 OK
r-patched-linux-x86_64 2.2.6 4.09 53.58 57.67 OK
r-release-linux-x86_64 2.2.6 5.15 54.04 59.19 OK
r-release-macos-arm64 2.2.5 OK
r-release-macos-x86_64 2.2.6 OK
r-release-windows-ix86+x86_64 2.2.6 10.00 67.00 77.00 OK
r-oldrel-macos-x86_64 2.2.5 NOTE
r-oldrel-windows-ix86+x86_64 2.2.6 9.00 70.00 79.00 OK

Check Details

Version: 2.2.5
Check: package dependencies
Result: NOTE
    Package suggested but not available for checking: ‘iNZightPlots’
Flavor: r-oldrel-macos-x86_64