CRAN Package Check Results for Package iNEXT

Last updated on 2021-08-03 23:52:12 CEST.

Flavor Version Tinstall Tcheck Ttotal Status Flags
r-devel-linux-x86_64-debian-clang 2.0.20 9.05 186.91 195.96 OK
r-devel-linux-x86_64-debian-gcc 2.0.20 7.06 127.62 134.68 OK
r-devel-linux-x86_64-fedora-clang 2.0.20 225.63 OK
r-devel-linux-x86_64-fedora-gcc 2.0.20 233.87 OK
r-devel-windows-x86_64 2.0.20 10.00 212.00 222.00 OK
r-devel-windows-x86_64-gcc10-UCRT 2.0.20 OK
r-patched-linux-x86_64 2.0.20 7.60 172.95 180.55 OK
r-patched-solaris-x86 2.0.20 280.10 OK
r-release-linux-x86_64 2.0.20 7.43 172.99 180.42 OK
r-release-macos-arm64 2.0.20 WARN
r-release-macos-x86_64 2.0.20 OK
r-release-windows-ix86+x86_64 2.0.20 21.00 216.00 237.00 OK
r-oldrel-macos-x86_64 2.0.20 OK
r-oldrel-windows-ix86+x86_64 2.0.20 15.00 212.00 227.00 OK

Check Details

Version: 2.0.20
Check: re-building of vignette outputs
Result: WARN
    Error(s) in re-building vignettes:
     ...
    --- re-building ‘Introduction.Rmd’ using rmarkdown
    Warning in engine$weave(file, quiet = quiet, encoding = enc) :
     Pandoc (>= 1.12.3) not available. Falling back to R Markdown v1.
    Quitting from lines 253-255 (Introduction.Rmd)
    Error: processing vignette 'Introduction.Rmd' failed with diagnostics:
    polygon edge not found
    --- failed re-building ‘Introduction.Rmd’
    
    SUMMARY: processing the following file failed:
     ‘Introduction.Rmd’
    
    Error: Vignette re-building failed.
    In addition: There were 15 warnings (use warnings() to see them)
    Execution halted
Flavor: r-release-macos-arm64