Last updated on 2023-02-08 00:03:28 CET.
Flavor | Version | Tinstall | Tcheck | Ttotal | Status | Flags |
---|---|---|---|---|---|---|
r-devel-linux-x86_64-debian-clang | 1.2.0 | 230.87 | 70.57 | 301.44 | NOTE | |
r-devel-linux-x86_64-debian-gcc | 1.2.0 | 176.46 | 52.48 | 228.94 | NOTE | |
r-devel-linux-x86_64-fedora-clang | 1.2.0 | 440.50 | NOTE | |||
r-devel-linux-x86_64-fedora-gcc | 1.2.0 | 410.12 | NOTE | |||
r-devel-windows-x86_64 | 1.2.0 | 176.00 | 136.00 | 312.00 | NOTE | |
r-patched-linux-x86_64 | 1.2.0 | 185.47 | 64.47 | 249.94 | OK | |
r-release-linux-x86_64 | 1.2.0 | 195.11 | 67.57 | 262.68 | OK | |
r-release-macos-arm64 | 1.2.0 | 88.00 | NOTE | |||
r-release-macos-x86_64 | 1.2.0 | 122.00 | NOTE | |||
r-release-windows-x86_64 | 1.2.0 | 336.00 | 141.00 | 477.00 | OK | |
r-oldrel-macos-arm64 | 1.2.0 | 86.00 | NOTE | |||
r-oldrel-macos-x86_64 | 1.2.0 | 124.00 | NOTE | |||
r-oldrel-windows-ix86+x86_64 | 1.2.0 | 551.00 | 148.00 | 699.00 | OK |
Version: 1.2.0
Check: C++ specification
Result: NOTE
Specified C++11: please update to current default of C++17
Flavors: r-devel-linux-x86_64-debian-clang, r-devel-linux-x86_64-debian-gcc, r-devel-windows-x86_64
Version: 1.2.0
Check: C++ specification
Result: NOTE
Specified C++11: please drop specification unless essential
Flavors: r-devel-linux-x86_64-fedora-clang, r-devel-linux-x86_64-fedora-gcc
Version: 1.2.0
Check: installed package size
Result: NOTE
installed size is 7.7Mb
sub-directories of 1Mb or more:
libs 7.4Mb
Flavors: r-release-macos-arm64, r-release-macos-x86_64, r-oldrel-macos-arm64, r-oldrel-macos-x86_64