Last updated on 2025-01-17 00:49:07 CET.
Flavor | Version | Tinstall | Tcheck | Ttotal | Status | Flags |
---|---|---|---|---|---|---|
r-devel-linux-x86_64-debian-clang | 1.1.1 | 5.85 | 53.18 | 59.03 | OK | |
r-devel-linux-x86_64-debian-gcc | 1.1.1 | 4.48 | 44.00 | 48.48 | OK | |
r-devel-linux-x86_64-fedora-clang | 1.1.1 | 99.02 | OK | |||
r-devel-linux-x86_64-fedora-gcc | 1.1.1 | 108.19 | OK | |||
r-devel-windows-x86_64 | 1.1.1 | 9.00 | 71.00 | 80.00 | OK | |
r-patched-linux-x86_64 | 1.1.1 | 4.77 | 52.62 | 57.39 | OK | |
r-release-linux-x86_64 | 1.1.1 | 5.70 | 53.91 | 59.61 | OK | |
r-release-macos-arm64 | 1.1.1 | 39.00 | NOTE | |||
r-release-macos-x86_64 | 1.1.1 | 53.00 | NOTE | |||
r-release-windows-x86_64 | 1.1.1 | 8.00 | 72.00 | 80.00 | NOTE | |
r-oldrel-macos-arm64 | 1.1.1 | 40.00 | NOTE | |||
r-oldrel-macos-x86_64 | 1.1.1 | 51.00 | NOTE | |||
r-oldrel-windows-x86_64 | 1.1.1 | 9.00 | 79.00 | 88.00 | NOTE |
Version: 1.1.1
Check: installed package size
Result: NOTE
installed size is 6.5Mb
sub-directories of 1Mb or more:
doc 6.3Mb
Flavors: r-release-macos-arm64, r-release-macos-x86_64, r-release-windows-x86_64, r-oldrel-macos-arm64, r-oldrel-macos-x86_64, r-oldrel-windows-x86_64