CRAN Package Check Results for Package hudr

Last updated on 2024-06-13 00:55:17 CEST.

Flavor Version Tinstall Tcheck Ttotal Status Flags
r-devel-linux-x86_64-debian-clang 1.2.0 6.14 43.42 49.56 OK
r-devel-linux-x86_64-debian-gcc 1.2.0 0.21 1.69 1.90 ERROR
r-devel-linux-x86_64-fedora-clang 1.2.0 62.51 OK
r-devel-linux-x86_64-fedora-gcc 1.2.0 58.58 OK
r-devel-windows-x86_64 1.2.0 5.00 52.00 57.00 OK
r-patched-linux-x86_64 1.2.0 5.84 41.86 47.70 OK
r-release-linux-x86_64 1.2.0 3.36 42.16 45.52 OK
r-release-macos-arm64 1.2.0 22.00 OK
r-release-macos-x86_64 1.2.0 33.00 OK
r-release-windows-x86_64 1.2.0 6.00 56.00 62.00 OK
r-oldrel-macos-arm64 1.2.0 21.00 OK
r-oldrel-macos-x86_64 1.2.0 31.00 OK
r-oldrel-windows-x86_64 1.2.0 7.00 58.00 65.00 OK

Check Details

Version: 1.2.0
Check: package dependencies
Result: ERROR Package required but not available: ‘janitor’ See section ‘The DESCRIPTION file’ in the ‘Writing R Extensions’ manual. Flavor: r-devel-linux-x86_64-debian-gcc