CRAN Package Check Results for Package homals

Last updated on 2024-06-25 00:58:03 CEST.

Flavor Version Tinstall Tcheck Ttotal Status Flags
r-devel-linux-x86_64-debian-clang 1.0-10 6.55 64.37 70.92 OK
r-devel-linux-x86_64-debian-gcc 1.0-10 4.71 45.97 50.68 OK
r-devel-linux-x86_64-fedora-clang 1.0-10 85.67 NOTE
r-devel-linux-x86_64-fedora-gcc 1.0-10 80.86 OK
r-devel-windows-x86_64 1.0-10 6.00 62.00 68.00 OK
r-patched-linux-x86_64 1.0-10 5.21 60.88 66.09 OK
r-release-linux-x86_64 1.0-10 6.16 59.45 65.61 OK
r-release-macos-arm64 1.0-10 25.00 OK
r-release-macos-x86_64 1.0-10 38.00 OK
r-release-windows-x86_64 1.0-10 6.00 69.00 75.00 OK
r-oldrel-macos-arm64 1.0-10 26.00 OK
r-oldrel-macos-x86_64 1.0-10 40.00 OK
r-oldrel-windows-x86_64 1.0-10 7.00 73.00 80.00 OK

Check Details

Version: 1.0-10
Check: Rd cross-references
Result: NOTE Undeclared package ‘rgl’ in Rd xrefs Flavor: r-devel-linux-x86_64-fedora-clang