CRAN Package Check Results for Package holodeck

Last updated on 2021-10-20 23:50:12 CEST.

Flavor Version Tinstall Tcheck Ttotal Status Flags
r-devel-linux-x86_64-debian-clang 0.2.1 3.74 92.88 96.62 NOTE
r-devel-linux-x86_64-debian-gcc 0.2.1 3.16 68.74 71.90 NOTE
r-devel-linux-x86_64-fedora-clang 0.2.1 127.71 NOTE
r-devel-linux-x86_64-fedora-gcc 0.2.1 111.88 NOTE
r-devel-windows-x86_64 0.2.1 8.00 120.00 128.00 NOTE
r-devel-windows-x86_64-gcc10-UCRT 0.2.1 NOTE
r-patched-linux-x86_64 0.2.1 3.39 88.52 91.91 NOTE
r-patched-solaris-x86 0.2.1 150.60 NOTE
r-release-linux-x86_64 0.2.1 4.12 88.63 92.75 NOTE
r-release-macos-arm64 0.2.1 NOTE
r-release-macos-x86_64 0.2.1 NOTE
r-release-windows-ix86+x86_64 0.2.1 11.00 115.00 126.00 NOTE
r-oldrel-macos-x86_64 0.2.1 OK
r-oldrel-windows-ix86+x86_64 0.2.1 12.00 118.00 130.00 OK

Check Details

Version: 0.2.1
Check: LazyData
Result: NOTE
     'LazyData' is specified without a 'data' directory
Flavors: r-devel-linux-x86_64-debian-clang, r-devel-linux-x86_64-debian-gcc, r-devel-linux-x86_64-fedora-clang, r-devel-linux-x86_64-fedora-gcc, r-devel-windows-x86_64, r-devel-windows-x86_64-gcc10-UCRT, r-patched-linux-x86_64, r-patched-solaris-x86, r-release-linux-x86_64, r-release-macos-arm64, r-release-macos-x86_64, r-release-windows-ix86+x86_64