CRAN Package Check Results for Package hoardeR

Last updated on 2021-08-03 23:52:11 CEST.

Flavor Version Tinstall Tcheck Ttotal Status Flags
r-devel-linux-x86_64-debian-clang 0.9.4-2 28.93 249.63 278.56 OK
r-devel-linux-x86_64-debian-gcc 0.9.4-2 23.47 186.66 210.13 OK
r-devel-linux-x86_64-fedora-clang 0.9.4-2 337.73 NOTE
r-devel-linux-x86_64-fedora-gcc 0.9.4-2 327.81 NOTE
r-devel-windows-x86_64 0.9.4-2 26.00 287.00 313.00 OK
r-devel-windows-x86_64-gcc10-UCRT 0.9.4-2 NOTE
r-patched-linux-x86_64 0.9.4-2 28.03 233.49 261.52 OK
r-patched-solaris-x86 0.9.4-2 453.40 NOTE
r-release-linux-x86_64 0.9.4-2 26.61 236.84 263.45 OK
r-release-macos-arm64 0.9.4-2 ERROR
r-release-macos-x86_64 0.9.4-2 ERROR
r-release-windows-ix86+x86_64 0.9.4-2 60.00 275.00 335.00 OK
r-oldrel-macos-x86_64 0.9.4-2 ERROR
r-oldrel-windows-ix86+x86_64 0.9.4-2 44.00 285.00 329.00 OK

Check Details

Version: 0.9.4-2
Check: dependencies in R code
Result: NOTE
    Namespaces in Imports field not imported from:
     ‘knitr’ ‘rmarkdown’
     All declared Imports should be used.
Flavors: r-devel-linux-x86_64-fedora-clang, r-devel-linux-x86_64-fedora-gcc, r-devel-windows-x86_64-gcc10-UCRT, r-patched-solaris-x86

Version: 0.9.4-2
Check: package dependencies
Result: ERROR
    Packages required but not available:
     'bamsignals', 'GenomicRanges', 'GenomicTools.fileHandler',
     'Rsamtools'
    
    See section ‘The DESCRIPTION file’ in the ‘Writing R Extensions’
    manual.
Flavor: r-release-macos-arm64

Version: 0.9.4-2
Check: package dependencies
Result: ERROR
    Package required but not available: ‘bamsignals’
    
    See section ‘The DESCRIPTION file’ in the ‘Writing R Extensions’
    manual.
Flavors: r-release-macos-x86_64, r-oldrel-macos-x86_64