CRAN Package Check Results for Package hgutils

Last updated on 2023-05-30 00:59:46 CEST.

Flavor Version Tinstall Tcheck Ttotal Status Flags
r-devel-linux-x86_64-debian-clang 0.2.11 8.33 76.23 84.56 OK
r-devel-linux-x86_64-debian-gcc 0.2.11 7.39 57.51 64.90 OK
r-devel-linux-x86_64-fedora-clang 0.2.11 104.39 NOTE
r-devel-linux-x86_64-fedora-gcc 0.2.11 96.35 NOTE
r-devel-windows-x86_64 0.2.11 10.00 78.00 88.00 OK
r-patched-linux-x86_64 0.2.11 9.33 71.10 80.43 OK
r-release-linux-x86_64 0.2.11 8.54 70.55 79.09 OK
r-release-macos-arm64 0.2.11 39.00 OK
r-release-macos-x86_64 0.2.11 50.00 OK
r-release-windows-x86_64 0.2.11 11.00 93.00 104.00 OK
r-oldrel-macos-arm64 0.2.11 35.00 NOTE
r-oldrel-macos-x86_64 0.2.11 57.00 NOTE
r-oldrel-windows-x86_64 0.2.11 11.00 86.00 97.00 OK

Check Details

Version: 0.2.11
Check: dependencies in R code
Result: NOTE
    Namespace in Imports field not imported from: ‘usethis’
     All declared Imports should be used.
Flavors: r-devel-linux-x86_64-fedora-clang, r-devel-linux-x86_64-fedora-gcc, r-oldrel-macos-arm64, r-oldrel-macos-x86_64