CRAN Package Check Results for Package hesim

Last updated on 2024-06-13 00:55:17 CEST.

Flavor Version Tinstall Tcheck Ttotal Status Flags
r-devel-linux-x86_64-debian-clang 0.5.4 380.31 407.66 787.97 OK
r-devel-linux-x86_64-debian-gcc 0.5.4 1.04 1.86 2.90 ERROR
r-devel-linux-x86_64-fedora-clang 0.5.4 1111.07 NOTE
r-devel-linux-x86_64-fedora-gcc 0.5.4 1204.68 NOTE
r-devel-windows-x86_64 0.5.4 291.00 405.00 696.00 NOTE
r-patched-linux-x86_64 0.5.4 356.28 418.34 774.62 OK
r-release-linux-x86_64 0.5.4 259.76 430.11 689.87 OK
r-release-macos-arm64 0.5.4 247.00 NOTE
r-release-macos-x86_64 0.5.4 376.00 NOTE
r-release-windows-x86_64 0.5.4 286.00 411.00 697.00 NOTE
r-oldrel-macos-arm64 0.5.4 265.00 NOTE
r-oldrel-macos-x86_64 0.5.4 509.00 NOTE
r-oldrel-windows-x86_64 0.5.4 368.00 497.00 865.00 NOTE

Check Details

Version: 0.5.4
Check: package dependencies
Result: ERROR Packages required but not available: 'flexsurv', 'ggplot2' Packages suggested but not available for checking: 'kableExtra', 'testthat' See section ‘The DESCRIPTION file’ in the ‘Writing R Extensions’ manual. Flavor: r-devel-linux-x86_64-debian-gcc

Version: 0.5.4
Check: installed package size
Result: NOTE installed size is 6.2Mb sub-directories of 1Mb or more: doc 2.2Mb libs 2.1Mb Flavors: r-devel-linux-x86_64-fedora-clang, r-devel-windows-x86_64, r-release-macos-arm64, r-release-macos-x86_64, r-release-windows-x86_64, r-oldrel-macos-arm64, r-oldrel-macos-x86_64, r-oldrel-windows-x86_64

Version: 0.5.4
Check: dependencies in R code
Result: NOTE Namespace in Imports field not imported from: ‘R6’ All declared Imports should be used. Flavors: r-devel-linux-x86_64-fedora-clang, r-devel-linux-x86_64-fedora-gcc