CRAN Package Check Results for Package hermiter

Last updated on 2023-01-30 00:31:14 CET.

Flavor Version Tinstall Tcheck Ttotal Status Flags
r-devel-linux-x86_64-debian-clang 2.2.0 29.33 72.44 101.77 NOTE
r-devel-linux-x86_64-debian-gcc 2.2.0 22.72 52.37 75.09 NOTE
r-devel-linux-x86_64-fedora-clang 2.2.0 137.67 NOTE
r-devel-linux-x86_64-fedora-gcc 2.2.0 141.01 NOTE
r-devel-windows-x86_64 2.2.0 74.00 136.00 210.00 NOTE
r-patched-linux-x86_64 2.2.0 22.50 65.48 87.98 NOTE
r-release-linux-x86_64 2.2.0 25.57 65.55 91.12 NOTE
r-release-macos-arm64 2.2.0 50.00 NOTE
r-release-macos-x86_64 2.2.0 53.00 NOTE
r-release-windows-x86_64 2.2.0 95.00 124.00 219.00 NOTE
r-oldrel-macos-arm64 2.2.0 50.00 NOTE
r-oldrel-macos-x86_64 2.2.0 57.00 NOTE
r-oldrel-windows-ix86+x86_64 2.2.0 71.00 132.00 203.00 NOTE

Check Details

Version: 2.2.0
Check: for GNU extensions in Makefiles
Result: NOTE
    GNU make is a SystemRequirements.
Flavors: r-devel-linux-x86_64-debian-clang, r-devel-linux-x86_64-debian-gcc, r-devel-linux-x86_64-fedora-clang, r-devel-linux-x86_64-fedora-gcc, r-devel-windows-x86_64, r-patched-linux-x86_64, r-release-linux-x86_64, r-release-macos-arm64, r-release-macos-x86_64, r-release-windows-x86_64, r-oldrel-macos-arm64, r-oldrel-macos-x86_64, r-oldrel-windows-ix86+x86_64

Version: 2.2.0
Check: C++ specification
Result: NOTE
     Specified C++11: please update to current default of C++17
Flavors: r-devel-linux-x86_64-debian-gcc, r-devel-linux-x86_64-fedora-gcc, r-devel-windows-x86_64

Version: 2.2.0
Check: installed package size
Result: NOTE
     installed size is 5.6Mb
     sub-directories of 1Mb or more:
     R 1.7Mb
     doc 1.6Mb
     libs 2.2Mb
Flavor: r-oldrel-windows-ix86+x86_64