CRAN Package Check Results for Package heatmapFlex

Last updated on 2022-01-23 23:50:18 CET.

Flavor Version Tinstall Tcheck Ttotal Status Flags
r-devel-linux-x86_64-debian-clang 0.1.2 4.73 53.87 58.60 OK
r-devel-linux-x86_64-debian-gcc 0.1.2 4.39 45.85 50.24 OK
r-devel-linux-x86_64-fedora-clang 0.1.2 74.58 OK
r-devel-linux-x86_64-fedora-gcc 0.1.2 60.90 OK
r-devel-windows-x86_64-new-UL 0.1.2 40.00 79.00 119.00 OK
r-devel-windows-x86_64-new-TK 0.1.2 OK
r-patched-linux-x86_64 0.1.2 4.36 52.51 56.87 OK
r-release-linux-x86_64 0.1.2 4.69 53.42 58.11 OK
r-release-macos-arm64 0.1.2 ERROR
r-release-macos-x86_64 0.1.2 ERROR
r-release-windows-ix86+x86_64 0.1.2 11.00 69.00 80.00 OK
r-oldrel-macos-x86_64 0.1.2 ERROR
r-oldrel-windows-ix86+x86_64 0.1.2 13.00 71.00 84.00 OK

Check Details

Version: 0.1.2
Check: package dependencies
Result: ERROR
    Package required but not available: ‘Heatplus’
    
    See section ‘The DESCRIPTION file’ in the ‘Writing R Extensions’
    manual.
Flavors: r-release-macos-arm64, r-release-macos-x86_64, r-oldrel-macos-x86_64