CRAN Package Check Results for Package healthyverse

Last updated on 2024-06-13 00:55:17 CEST.

Flavor Version Tinstall Tcheck Ttotal Status Flags
r-devel-linux-x86_64-debian-clang 1.0.4 14.37 93.97 108.34 OK
r-devel-linux-x86_64-debian-gcc 1.0.4 0.35 1.92 2.27 ERROR
r-devel-linux-x86_64-fedora-clang 1.0.4 134.15 NOTE
r-devel-linux-x86_64-fedora-gcc 1.0.4 138.28 NOTE
r-devel-windows-x86_64 1.0.4 13.00 87.00 100.00 OK
r-patched-linux-x86_64 1.0.4 11.38 86.18 97.56 OK
r-release-linux-x86_64 1.0.4 11.97 86.71 98.68 OK
r-release-macos-arm64 1.0.4 46.00 OK
r-release-macos-x86_64 1.0.4 69.00 OK
r-release-windows-x86_64 1.0.4 14.00 86.00 100.00 OK
r-oldrel-macos-arm64 1.0.4 47.00 OK
r-oldrel-macos-x86_64 1.0.4 89.00 OK
r-oldrel-windows-x86_64 1.0.4 17.00 103.00 120.00 OK

Check Details

Version: 1.0.4
Check: package dependencies
Result: ERROR Packages required but not available: 'healthyR', 'healthyR.data', 'healthyR.ts', 'healthyR.ai', 'TidyDensity', 'tidyAML', 'dplyr', 'purrr', 'tibble' Package suggested but not available for checking: ‘roxygen2’ See section ‘The DESCRIPTION file’ in the ‘Writing R Extensions’ manual. Flavor: r-devel-linux-x86_64-debian-gcc

Version: 1.0.4
Check: dependencies in R code
Result: NOTE Namespaces in Imports field not imported from: ‘TidyDensity’ ‘healthyR’ ‘healthyR.ai’ ‘healthyR.data’ ‘healthyR.ts’ ‘tidyAML’ All declared Imports should be used. Flavors: r-devel-linux-x86_64-fedora-clang, r-devel-linux-x86_64-fedora-gcc