CRAN Package Check Results for Package healthyverse

Last updated on 2022-01-16 23:51:35 CET.

Flavor Version Tinstall Tcheck Ttotal Status Flags
r-devel-linux-x86_64-debian-clang 1.0.1 10.88 126.95 137.83 OK
r-devel-linux-x86_64-debian-gcc 1.0.1 10.14 97.20 107.34 OK
r-devel-linux-x86_64-fedora-clang 1.0.1 175.34 NOTE
r-devel-linux-x86_64-fedora-gcc 1.0.1 97.52 NOTE
r-devel-windows-x86_64-new-UL 1.0.1 14.00 140.00 154.00 OK
r-devel-windows-x86_64-new-TK 1.0.1 NOTE
r-patched-linux-x86_64 1.0.1 11.43 119.47 130.90 OK
r-release-linux-x86_64 1.0.1 OK
r-release-macos-arm64 1.0.1 NOTE
r-release-macos-x86_64 1.0.1 NOTE
r-release-windows-ix86+x86_64 1.0.1 32.00 139.00 171.00 OK
r-oldrel-macos-x86_64 1.0.1 NOTE
r-oldrel-windows-ix86+x86_64 1.0.1 33.00 142.00 175.00 OK

Check Details

Version: 1.0.1
Check: dependencies in R code
Result: NOTE
    Namespaces in Imports field not imported from:
     ‘healthyR’ ‘healthyR.ai’ ‘healthyR.data’ ‘healthyR.ts’
     All declared Imports should be used.
Flavors: r-devel-linux-x86_64-fedora-clang, r-devel-linux-x86_64-fedora-gcc, r-devel-windows-x86_64-new-TK, r-release-macos-arm64, r-release-macos-x86_64, r-oldrel-macos-x86_64