CRAN Package Check Results for Package healthyR.ts

Last updated on 2024-06-14 00:53:45 CEST.

Flavor Version Tinstall Tcheck Ttotal Status Flags
r-devel-linux-x86_64-debian-clang 0.3.0 22.31 251.23 273.54 OK
r-devel-linux-x86_64-debian-gcc 0.3.0 0.83 1.93 2.76 ERROR
r-devel-linux-x86_64-fedora-clang 0.3.0 345.34 NOTE
r-devel-linux-x86_64-fedora-gcc 0.3.0 331.24 OK
r-devel-windows-x86_64 0.3.0 20.00 210.00 230.00 NOTE
r-patched-linux-x86_64 0.3.0 19.40 240.27 259.67 OK
r-release-linux-x86_64 0.3.0 21.42 238.24 259.66 OK
r-release-macos-arm64 0.3.0 90.00 NOTE
r-release-macos-x86_64 0.3.0 146.00 NOTE
r-release-windows-x86_64 0.3.0 22.00 207.00 229.00 NOTE
r-oldrel-macos-arm64 0.3.0 92.00 NOTE
r-oldrel-macos-x86_64 0.3.0 242.00 NOTE
r-oldrel-windows-x86_64 0.3.0 26.00 278.00 304.00 NOTE

Check Details

Version: 0.3.0
Check: package dependencies
Result: ERROR Packages required but not available: 'tibble', 'timetk', 'tidyr', 'dplyr', 'purrr', 'ggplot2', 'lubridate', 'plotly', 'recipes', 'modeltime', 'cowplot', 'forcats', 'parsnip', 'workflowsets', 'hardhat' Packages suggested but not available for checking: 'roxygen2', 'rsample', 'healthyR.ai', 'stringr', 'forecast', 'tidymodels', 'tune', 'dials', 'workflows', 'tidyselect' See section ‘The DESCRIPTION file’ in the ‘Writing R Extensions’ manual. Flavor: r-devel-linux-x86_64-debian-gcc

Version: 0.3.0
Check: installed package size
Result: NOTE installed size is 6.2Mb sub-directories of 1Mb or more: doc 5.2Mb Flavors: r-devel-linux-x86_64-fedora-clang, r-devel-windows-x86_64, r-release-macos-arm64, r-release-macos-x86_64, r-release-windows-x86_64, r-oldrel-macos-arm64, r-oldrel-macos-x86_64, r-oldrel-windows-x86_64