CRAN Package Check Results for Package healthyR.data

Last updated on 2024-07-20 00:56:50 CEST.

Flavor Version Tinstall Tcheck Ttotal Status Flags
r-devel-linux-x86_64-debian-clang 1.1.1 24.10 43.90 68.00 OK
r-devel-linux-x86_64-debian-gcc 1.1.1 19.55 31.56 51.11 OK
r-devel-linux-x86_64-fedora-clang 1.1.1 80.90 OK
r-devel-linux-x86_64-fedora-gcc 1.1.1 81.51 OK
r-devel-windows-x86_64 1.1.1 22.00 58.00 80.00 OK
r-patched-linux-x86_64 1.1.1 26.26 41.22 67.48 OK
r-release-linux-x86_64 1.1.1 15.14 42.14 57.28 OK
r-release-macos-arm64 1.1.1 49.00 NOTE
r-release-macos-x86_64 1.1.1 100.00 NOTE
r-release-windows-x86_64 1.1.1 21.00 59.00 80.00 OK
r-oldrel-macos-arm64 1.1.1 54.00 NOTE
r-oldrel-macos-x86_64 1.1.1 91.00 NOTE
r-oldrel-windows-x86_64 1.1.1 27.00 63.00 90.00 OK

Check Details

Version: 1.1.1
Check: installed package size
Result: NOTE installed size is 5.2Mb sub-directories of 1Mb or more: data 4.9Mb Flavors: r-release-macos-arm64, r-release-macos-x86_64, r-oldrel-macos-arm64, r-oldrel-macos-x86_64