Last updated on 2023-05-29 00:59:35 CEST.
Flavor | Version | Tinstall | Tcheck | Ttotal | Status | Flags |
---|---|---|---|---|---|---|
r-devel-linux-x86_64-debian-clang | 1.0.2 | 161.84 | 192.46 | 354.30 | NOTE | |
r-devel-linux-x86_64-debian-gcc | 1.0.2 | 130.39 | 158.61 | 289.00 | NOTE | |
r-devel-linux-x86_64-fedora-clang | 1.0.2 | 517.15 | NOTE | |||
r-devel-linux-x86_64-fedora-gcc | 1.0.2 | 547.34 | NOTE | |||
r-devel-windows-x86_64 | 1.0.2 | 125.00 | 207.00 | 332.00 | NOTE | |
r-patched-linux-x86_64 | 1.0.2 | 133.79 | 203.91 | 337.70 | NOTE | |
r-release-linux-x86_64 | 1.0.2 | 123.78 | 214.72 | 338.50 | NOTE | |
r-release-macos-arm64 | 1.0.2 | 139.00 | NOTE | |||
r-release-macos-x86_64 | 1.0.2 | 219.00 | NOTE | |||
r-release-windows-x86_64 | 1.0.2 | 137.00 | 237.00 | 374.00 | NOTE | |
r-oldrel-macos-arm64 | 1.0.2 | 104.00 | NOTE | |||
r-oldrel-macos-x86_64 | 1.0.2 | 191.00 | NOTE | |||
r-oldrel-windows-x86_64 | 1.0.2 | 133.00 | 227.00 | 360.00 | OK |
Version: 1.0.2
Check: C++ specification
Result: NOTE
Specified C++11: please drop specification unless essential
Flavors: r-devel-linux-x86_64-debian-clang, r-devel-linux-x86_64-debian-gcc, r-devel-linux-x86_64-fedora-clang, r-devel-linux-x86_64-fedora-gcc, r-devel-windows-x86_64, r-patched-linux-x86_64, r-release-linux-x86_64, r-release-macos-arm64, r-release-macos-x86_64, r-release-windows-x86_64
Version: 1.0.2
Check: package dependencies
Result: NOTE
Imports includes 23 non-default packages.
Importing from so many packages makes the package vulnerable to any of
them becoming unavailable. Move as many as possible to Suggests and
use conditionally.
Flavor: r-devel-linux-x86_64-fedora-clang
Version: 1.0.2
Check: dependencies in R code
Result: NOTE
Namespaces in Imports field not imported from:
‘MCMCpack’ ‘ggjoy’ ‘isotone’ ‘questionr’ ‘rprojroot’ ‘tidyverse’
All declared Imports should be used.
Flavors: r-devel-linux-x86_64-fedora-clang, r-devel-linux-x86_64-fedora-gcc, r-oldrel-macos-arm64, r-oldrel-macos-x86_64
Version: 1.0.2
Check: installed package size
Result: NOTE
installed size is 8.0Mb
sub-directories of 1Mb or more:
libs 7.2Mb
Flavors: r-release-macos-arm64, r-release-macos-x86_64, r-oldrel-macos-arm64, r-oldrel-macos-x86_64