CRAN Package Check Results for Package hbm

Last updated on 2021-10-24 23:51:49 CEST.

Flavor Version Tinstall Tcheck Ttotal Status Flags
r-devel-linux-x86_64-debian-clang 1.0 5.61 62.63 68.24 NOTE
r-devel-linux-x86_64-debian-gcc 1.0 6.17 48.67 54.84 NOTE
r-devel-linux-x86_64-fedora-clang 1.0 95.04 NOTE
r-devel-linux-x86_64-fedora-gcc 1.0 83.16 NOTE
r-devel-windows-x86_64 1.0 11.00 62.00 73.00 NOTE
r-devel-windows-x86_64-gcc10-UCRT 1.0 NOTE
r-patched-linux-x86_64 1.0 7.97 59.74 67.71 NOTE
r-patched-solaris-x86 1.0 124.00 NOTE
r-release-linux-x86_64 1.0 5.92 60.24 66.16 NOTE
r-release-macos-arm64 1.0 NOTE
r-release-macos-x86_64 1.0 NOTE
r-release-windows-ix86+x86_64 1.0 12.00 82.00 94.00 NOTE
r-oldrel-macos-x86_64 1.0 NOTE
r-oldrel-windows-ix86+x86_64 1.0 16.00 87.00 103.00 NOTE

Check Details

Version: 1.0
Check: R code for possible problems
Result: NOTE
    detect.movement: no visible global function definition for 't.test'
    generate.random.conf: no visible global function definition for 'rnorm'
    Undefined global functions or variables:
     rnorm t.test
    Consider adding
     importFrom("stats", "rnorm", "t.test")
    to your NAMESPACE file.
Flavors: r-devel-linux-x86_64-debian-clang, r-devel-linux-x86_64-debian-gcc, r-devel-linux-x86_64-fedora-clang, r-devel-linux-x86_64-fedora-gcc, r-devel-windows-x86_64, r-devel-windows-x86_64-gcc10-UCRT, r-patched-linux-x86_64, r-patched-solaris-x86, r-release-linux-x86_64, r-release-macos-arm64, r-release-macos-x86_64, r-release-windows-ix86+x86_64, r-oldrel-macos-x86_64, r-oldrel-windows-ix86+x86_64