Last updated on 2023-01-28 23:51:40 CET.
Flavor | Version | Tinstall | Tcheck | Ttotal | Status | Flags |
---|---|---|---|---|---|---|
r-devel-linux-x86_64-debian-clang | 0.4.3 | 80.17 | 690.99 | 771.16 | OK | |
r-devel-linux-x86_64-debian-gcc | 0.4.3 | 69.23 | 498.04 | 567.27 | OK | |
r-devel-linux-x86_64-fedora-clang | 0.4.3 | 804.98 | OK | |||
r-devel-linux-x86_64-fedora-gcc | 0.4.3 | 947.21 | OK | |||
r-devel-windows-x86_64 | 0.4.3 | 93.00 | 1149.00 | 1242.00 | OK | |
r-patched-linux-x86_64 | 0.4.3 | 70.49 | 643.69 | 714.18 | OK | |
r-release-linux-x86_64 | 0.4.3 | 66.38 | 652.97 | 719.35 | OK | |
r-release-macos-arm64 | 0.4.3 | 280.00 | OK | |||
r-release-macos-x86_64 | 0.4.3 | 306.00 | OK | |||
r-release-windows-x86_64 | 0.4.3 | 85.00 | 1141.00 | 1226.00 | OK | |
r-oldrel-macos-arm64 | 0.4.3 | 253.00 | NOTE | |||
r-oldrel-macos-x86_64 | 0.4.3 | 313.00 | OK | |||
r-oldrel-windows-ix86+x86_64 | 0.4.3 | 183.00 | 1333.00 | 1516.00 | WARN |
Version: 0.4.3
Check: installed package size
Result: NOTE
installed size is 5.5Mb
sub-directories of 1Mb or more:
libs 5.0Mb
Flavor: r-oldrel-macos-arm64
Version: 0.4.3
Check: for unstated dependencies in ‘tests’
Result: WARN
Warning: unable to access index for repository https://bioconductor.org/packages/3.14/bioc/src/contrib:
cannot open URL 'https://bioconductor.org/packages/3.14/bioc/src/contrib/PACKAGES'
Warning: unable to access index for repository https://bioconductor.org/packages/3.14/data/annotation/src/contrib:
cannot open URL 'https://bioconductor.org/packages/3.14/data/annotation/src/contrib/PACKAGES'
Warning: unable to access index for repository https://bioconductor.org/packages/3.14/data/experiment/src/contrib:
cannot open URL 'https://bioconductor.org/packages/3.14/data/experiment/src/contrib/PACKAGES'
Flavor: r-oldrel-windows-ix86+x86_64