Last updated on 2023-01-30 00:31:14 CET.
Flavor | Version | Tinstall | Tcheck | Ttotal | Status | Flags |
---|---|---|---|---|---|---|
r-devel-linux-x86_64-debian-clang | 0.1.3 | 32.12 | 109.33 | 141.45 | OK | |
r-devel-linux-x86_64-debian-gcc | 0.1.3 | 26.13 | 80.13 | 106.26 | OK | |
r-devel-linux-x86_64-fedora-clang | 0.1.3 | 178.79 | NOTE | |||
r-devel-linux-x86_64-fedora-gcc | 0.1.3 | 168.40 | NOTE | |||
r-devel-windows-x86_64 | 0.1.3 | 45.00 | 156.00 | 201.00 | OK | |
r-patched-linux-x86_64 | 0.1.3 | 29.84 | 110.18 | 140.02 | OK | |
r-release-linux-x86_64 | 0.1.3 | 31.22 | 106.69 | 137.91 | OK | |
r-release-macos-arm64 | 0.1.3 | 47.00 | NOTE | |||
r-release-macos-x86_64 | 0.1.3 | 83.00 | NOTE | |||
r-release-windows-x86_64 | 0.1.3 | 40.00 | 153.00 | 193.00 | OK | |
r-oldrel-macos-arm64 | 0.1.3 | 57.00 | NOTE | |||
r-oldrel-macos-x86_64 | 0.1.3 | 65.00 | NOTE | |||
r-oldrel-windows-ix86+x86_64 | 0.1.3 | 79.00 | 190.00 | 269.00 | OK |
Version: 0.1.3
Check: dependencies in R code
Result: NOTE
Namespaces in Imports field not imported from:
‘DT’ ‘attempt’ ‘corpcor’ ‘glue’ ‘htmltools’ ‘pkgload’ ‘processx’
‘tools’
All declared Imports should be used.
Flavors: r-devel-linux-x86_64-fedora-clang, r-devel-linux-x86_64-fedora-gcc, r-release-macos-arm64, r-release-macos-x86_64, r-oldrel-macos-arm64, r-oldrel-macos-x86_64