CRAN Package Check Results for Package guardianapi

Last updated on 2023-02-05 23:58:46 CET.

Flavor Version Tinstall Tcheck Ttotal Status Flags
r-devel-linux-x86_64-debian-clang 0.1.1 5.55 48.01 53.56 NOTE
r-devel-linux-x86_64-debian-gcc 0.1.1 4.32 36.46 40.78 NOTE
r-devel-linux-x86_64-fedora-clang 0.1.1 72.63 NOTE
r-devel-linux-x86_64-fedora-gcc 0.1.1 73.71 NOTE
r-devel-windows-x86_64 0.1.1 19.00 81.00 100.00 NOTE
r-patched-linux-x86_64 0.1.1 4.75 46.34 51.09 NOTE
r-release-linux-x86_64 0.1.1 5.89 46.84 52.73 NOTE
r-release-macos-arm64 0.1.1 28.00 NOTE
r-release-macos-x86_64 0.1.1 46.00 NOTE
r-release-windows-x86_64 0.1.1 22.00 91.00 113.00 NOTE
r-oldrel-macos-arm64 0.1.1 29.00 NOTE
r-oldrel-macos-x86_64 0.1.1 41.00 NOTE
r-oldrel-windows-ix86+x86_64 0.1.1 12.00 85.00 97.00 NOTE

Check Details

Version: 0.1.1
Check: LazyData
Result: NOTE
     'LazyData' is specified without a 'data' directory
Flavors: r-devel-linux-x86_64-debian-clang, r-devel-linux-x86_64-debian-gcc, r-devel-linux-x86_64-fedora-clang, r-devel-linux-x86_64-fedora-gcc, r-devel-windows-x86_64, r-patched-linux-x86_64, r-release-linux-x86_64, r-release-macos-arm64, r-release-macos-x86_64, r-release-windows-x86_64, r-oldrel-macos-arm64, r-oldrel-macos-x86_64, r-oldrel-windows-ix86+x86_64