CRAN Package Check Results for Package gtrendsR

Last updated on 2022-01-16 23:51:35 CET.

Flavor Version Tinstall Tcheck Ttotal Status Flags
r-devel-linux-x86_64-debian-clang 1.5.0 8.01 61.17 69.18 OK
r-devel-linux-x86_64-debian-gcc 1.5.0 6.36 46.85 53.21 OK
r-devel-linux-x86_64-fedora-clang 1.5.0 83.71 NOTE
r-devel-linux-x86_64-fedora-gcc 1.5.0 70.78 NOTE
r-devel-windows-x86_64-new-UL 1.5.0 24.00 76.00 100.00 OK
r-devel-windows-x86_64-new-TK 1.5.0 NOTE
r-patched-linux-x86_64 1.5.0 5.89 57.82 63.71 OK
r-release-linux-x86_64 1.5.0 OK
r-release-macos-arm64 1.5.0 NOTE
r-release-macos-x86_64 1.5.0 NOTE
r-release-windows-ix86+x86_64 1.5.0 16.00 74.00 90.00 OK
r-oldrel-macos-x86_64 1.5.0 NOTE
r-oldrel-windows-ix86+x86_64 1.5.0 17.00 72.00 89.00 OK

Check Details

Version: 1.5.0
Check: data for non-ASCII characters
Result: NOTE
     Note: found 269 marked UTF-8 strings
Flavors: r-devel-linux-x86_64-fedora-clang, r-devel-linux-x86_64-fedora-gcc, r-devel-windows-x86_64-new-TK, r-release-macos-arm64, r-release-macos-x86_64, r-oldrel-macos-x86_64