CRAN Package Check Results for Package gt

Last updated on 2021-06-18 23:49:18 CEST.

Flavor Version Tinstall Tcheck Ttotal Status Flags
r-devel-linux-x86_64-debian-clang 0.3.0 15.80 298.61 314.41 OK
r-devel-linux-x86_64-debian-gcc 0.3.0 12.80 223.13 235.93 OK
r-devel-linux-x86_64-fedora-clang 0.3.0 368.24 NOTE
r-devel-linux-x86_64-fedora-gcc 0.3.0 366.16 NOTE
r-devel-windows-x86_64 0.3.0 26.00 347.00 373.00 NOTE
r-devel-windows-x86_64-gcc10-UCRT 0.3.0 NOTE
r-patched-linux-x86_64 0.3.0 20.26 281.48 301.74 OK
r-patched-solaris-x86 0.3.0 432.40 NOTE
r-release-linux-x86_64 0.3.0 14.55 280.33 294.88 OK
r-release-macos-arm64 0.3.0 NOTE
r-release-macos-x86_64 0.3.0 NOTE
r-release-windows-ix86+x86_64 0.3.0 32.00 338.00 370.00 NOTE
r-oldrel-macos-x86_64 0.3.0 NOTE
r-oldrel-windows-ix86+x86_64 0.3.0 22.00 363.00 385.00 NOTE

Check Details

Version: 0.3.0
Check: installed package size
Result: NOTE
     installed size is 6.6Mb
     sub-directories of 1Mb or more:
     help 4.5Mb
Flavors: r-devel-linux-x86_64-fedora-clang, r-devel-windows-x86_64, r-patched-solaris-x86, r-release-macos-arm64, r-release-macos-x86_64, r-release-windows-ix86+x86_64, r-oldrel-macos-x86_64, r-oldrel-windows-ix86+x86_64

Version: 0.3.0
Check: data for non-ASCII characters
Result: NOTE
     Note: found 116 marked UTF-8 strings
Flavors: r-devel-linux-x86_64-fedora-clang, r-devel-linux-x86_64-fedora-gcc, r-devel-windows-x86_64-gcc10-UCRT, r-patched-solaris-x86, r-release-macos-arm64, r-release-macos-x86_64, r-oldrel-macos-x86_64