CRAN Package Check Results for Package gsl

Last updated on 2021-10-24 23:51:49 CEST.

Flavor Version Tinstall Tcheck Ttotal Status Flags
r-devel-linux-x86_64-debian-clang 2.1-7 12.82 59.93 72.75 WARN
r-devel-linux-x86_64-debian-gcc 2.1-7 10.11 44.92 55.03 WARN
r-devel-linux-x86_64-fedora-clang 2.1-7 99.62 WARN
r-devel-linux-x86_64-fedora-gcc 2.1-7 89.94 WARN
r-devel-windows-x86_64 2.1-7 27.00 86.00 113.00 OK
r-devel-windows-x86_64-gcc10-UCRT 2.1-7 OK
r-patched-linux-x86_64 2.1-7 13.58 57.83 71.41 WARN
r-patched-solaris-x86 2.1-7 109.50 OK
r-release-linux-x86_64 2.1-7 12.00 57.66 69.66 WARN
r-release-macos-arm64 2.1-7 OK
r-release-macos-x86_64 2.1-7 OK
r-release-windows-ix86+x86_64 2.1-7 40.00 78.00 118.00 OK
r-oldrel-macos-x86_64 2.1-7 OK
r-oldrel-windows-ix86+x86_64 2.1-7 2.00 4.00 6.00 ERROR

Check Details

Version: 2.1-7
Check: top-level files
Result: WARN
     Output from running autoreconf:
     configure.ac:58: warning: AC_OUTPUT should be used without arguments.
     configure.ac:58: You should run autoupdate.
Flavors: r-devel-linux-x86_64-debian-clang, r-devel-linux-x86_64-debian-gcc, r-patched-linux-x86_64, r-release-linux-x86_64

Version: 2.1-7
Check: top-level files
Result: WARN
     Output from running autoreconf:
     configure.ac:58: warning: AC_OUTPUT should be used without arguments.
     configure.ac:58: You should run autoupdate.
     configure.ac:58: warning: AC_OUTPUT should be used without arguments.
     configure.ac:58: You should run autoupdate.
Flavors: r-devel-linux-x86_64-fedora-clang, r-devel-linux-x86_64-fedora-gcc

Version: 2.1-7
Check: whether package can be installed
Result: ERROR
    Installation failed.
Flavor: r-oldrel-windows-ix86+x86_64