Last updated on 2023-02-08 00:03:28 CET.
Flavor | Version | Tinstall | Tcheck | Ttotal | Status | Flags |
---|---|---|---|---|---|---|
r-devel-linux-x86_64-debian-clang | 0.0.2 | 38.01 | 425.21 | 463.22 | OK | |
r-devel-linux-x86_64-debian-gcc | 0.0.2 | 25.87 | 301.78 | 327.65 | OK | |
r-devel-linux-x86_64-fedora-clang | 0.0.2 | 523.33 | OK | |||
r-devel-linux-x86_64-fedora-gcc | 0.0.2 | 533.02 | OK | |||
r-devel-windows-x86_64 | 0.0.2 | 63.00 | 465.00 | 528.00 | OK | |
r-patched-linux-x86_64 | 0.0.2 | 31.65 | 398.65 | 430.30 | OK | |
r-release-linux-x86_64 | 0.0.2 | 30.61 | 379.09 | 409.70 | OK | |
r-release-macos-arm64 | 0.0.2 | 163.00 | NOTE | |||
r-release-macos-x86_64 | 0.0.2 | 189.00 | NOTE | |||
r-release-windows-x86_64 | 0.0.2 | 41.00 | 471.00 | 512.00 | OK | |
r-oldrel-macos-arm64 | 0.0.2 | 146.00 | NOTE | |||
r-oldrel-macos-x86_64 | 0.0.2 | 187.00 | NOTE | |||
r-oldrel-windows-ix86+x86_64 | 0.0.2 | 81.00 | 700.00 | 781.00 | OK |
Version: 0.0.2
Check: installed package size
Result: NOTE
installed size is 5.1Mb
sub-directories of 1Mb or more:
doc 1.6Mb
libs 2.4Mb
Flavors: r-release-macos-arm64, r-release-macos-x86_64, r-oldrel-macos-arm64, r-oldrel-macos-x86_64