CRAN Package Check Results for Package groupWQS

Last updated on 2021-11-28 23:50:28 CET.

Flavor Version Tinstall Tcheck Ttotal Status Flags
r-devel-linux-x86_64-debian-clang 0.0.3 OK
r-devel-linux-x86_64-debian-gcc 0.0.3 2.17 77.01 79.18 OK
r-devel-linux-x86_64-fedora-clang 0.0.3 140.57 NOTE
r-devel-linux-x86_64-fedora-gcc 0.0.3 130.34 NOTE
r-devel-windows-x86_64-new-UL 0.0.3 8.00 147.00 155.00 OK
r-devel-windows-x86_64-new-TK 0.0.3 NOTE
r-devel-windows-x86_64-old 0.0.3 5.00 147.00 152.00 OK
r-patched-linux-x86_64 0.0.3 2.83 108.10 110.93 OK
r-patched-solaris-x86 0.0.3 64.80 NOTE
r-release-linux-x86_64 0.0.3 2.53 106.46 108.99 OK
r-release-macos-arm64 0.0.3 NOTE
r-release-macos-x86_64 0.0.3 NOTE
r-release-windows-ix86+x86_64 0.0.3 6.00 108.00 114.00 OK
r-oldrel-macos-x86_64 0.0.3 NOTE
r-oldrel-windows-ix86+x86_64 0.0.3 6.00 144.00 150.00 OK

Check Details

Version: 0.0.3
Check: dependencies in R code
Result: NOTE
    Namespaces in Imports field not imported from:
     ‘MASS’ ‘rjags’
     All declared Imports should be used.
Flavors: r-devel-linux-x86_64-fedora-clang, r-devel-linux-x86_64-fedora-gcc, r-devel-windows-x86_64-new-TK, r-patched-solaris-x86, r-release-macos-arm64, r-release-macos-x86_64, r-oldrel-macos-x86_64