CRAN Package Check Results for Package grmsem

Last updated on 2021-10-24 23:51:49 CEST.

Flavor Version Tinstall Tcheck Ttotal Status Flags
r-devel-linux-x86_64-debian-clang 1.1.0 4.34 266.41 270.75 OK
r-devel-linux-x86_64-debian-gcc 1.1.0 3.63 222.62 226.25 OK
r-devel-linux-x86_64-fedora-clang 1.1.0 340.41 NOTE
r-devel-linux-x86_64-fedora-gcc 1.1.0 330.70 NOTE
r-devel-windows-x86_64 1.1.0 8.00 364.00 372.00 OK
r-devel-windows-x86_64-gcc10-UCRT 1.1.0 NOTE
r-patched-linux-x86_64 1.1.0 5.55 261.97 267.52 OK
r-patched-solaris-x86 1.1.0 525.60 NOTE
r-release-linux-x86_64 1.1.0 5.26 264.10 269.36 OK
r-release-macos-arm64 1.1.0 NOTE
r-release-macos-x86_64 1.1.0 NOTE
r-release-windows-ix86+x86_64 1.1.0 7.00 266.00 273.00 OK
r-oldrel-macos-x86_64 1.1.0 NOTE
r-oldrel-windows-ix86+x86_64 1.1.0 9.00 332.00 341.00 OK

Check Details

Version: 1.1.0
Check: dependencies in R code
Result: NOTE
    Namespace in Imports field not imported from: ‘msm’
     All declared Imports should be used.
Flavors: r-devel-linux-x86_64-fedora-clang, r-devel-linux-x86_64-fedora-gcc, r-devel-windows-x86_64-gcc10-UCRT, r-patched-solaris-x86, r-release-macos-arm64, r-release-macos-x86_64, r-oldrel-macos-x86_64