CRAN Package Check Results for Package grizbayr

Last updated on 2021-10-15 23:50:30 CEST.

Flavor Version Tinstall Tcheck Ttotal Status Flags
r-devel-linux-x86_64-debian-clang 1.3.1 4.94 409.78 414.72 NOTE
r-devel-linux-x86_64-debian-gcc 1.3.1 3.98 268.92 272.90 NOTE
r-devel-linux-x86_64-fedora-clang 1.3.1 484.61 NOTE
r-devel-linux-x86_64-fedora-gcc 1.3.1 477.68 NOTE
r-devel-windows-x86_64 1.3.1 7.00 348.00 355.00 NOTE
r-devel-windows-x86_64-gcc10-UCRT 1.3.1 NOTE
r-patched-linux-x86_64 1.3.1 4.75 402.71 407.46 NOTE
r-patched-solaris-x86 1.3.1 545.30 NOTE
r-release-linux-x86_64 1.3.1 4.34 394.02 398.36 NOTE
r-release-macos-arm64 1.3.1 NOTE
r-release-macos-x86_64 1.3.1 NOTE
r-release-windows-ix86+x86_64 1.3.1 12.00 476.00 488.00 NOTE
r-oldrel-macos-x86_64 1.3.1 OK
r-oldrel-windows-ix86+x86_64 1.3.1 12.00 475.00 487.00 OK

Check Details

Version: 1.3.1
Check: LazyData
Result: NOTE
     'LazyData' is specified without a 'data' directory
Flavors: r-devel-linux-x86_64-debian-clang, r-devel-linux-x86_64-debian-gcc, r-devel-linux-x86_64-fedora-clang, r-devel-linux-x86_64-fedora-gcc, r-devel-windows-x86_64, r-devel-windows-x86_64-gcc10-UCRT, r-patched-linux-x86_64, r-patched-solaris-x86, r-release-linux-x86_64, r-release-macos-arm64, r-release-macos-x86_64, r-release-windows-ix86+x86_64