CRAN Package Check Results for Package gridpattern

Last updated on 2021-12-03 23:49:59 CET.

Flavor Version Tinstall Tcheck Ttotal Status Flags
r-devel-linux-x86_64-debian-clang 0.2.1 6.28 85.59 91.87 OK
r-devel-linux-x86_64-debian-gcc 0.3.1 5.34 69.17 74.51 OK
r-devel-linux-x86_64-fedora-clang 0.3.1 81.59 OK
r-devel-linux-x86_64-fedora-gcc 0.3.1 64.94 OK
r-devel-windows-x86_64-new-UL 0.3.1 18.00 135.00 153.00 OK
r-devel-windows-x86_64-new-TK 0.2.1 OK
r-devel-windows-x86_64-old 0.2.1 11.00 76.00 87.00 OK
r-patched-linux-x86_64 0.3.1 8.57 90.26 98.83 OK
r-release-linux-x86_64 0.2.1 7.46 78.13 85.59 OK
r-release-macos-arm64 0.3.1 OK
r-release-macos-x86_64 0.3.1 OK
r-release-windows-ix86+x86_64 0.3.1 10.00 94.00 104.00 OK
r-oldrel-macos-x86_64 0.3.1 NOTE
r-oldrel-windows-ix86+x86_64 0.2.1 12.00 117.00 129.00 NOTE

Check Details

Version: 0.3.1
Check: R code for possible problems
Result: NOTE
    create_gradient_as_geometry: no visible global function definition for
     ‘linearGradient’
    create_gradient_as_geometry: no visible global function definition for
     ‘radialGradient’
    Undefined global functions or variables:
     linearGradient radialGradient
Flavor: r-oldrel-macos-x86_64

Version: 0.2.1
Check: R code for possible problems
Result: NOTE
    create_gradient_as_geometry: no visible global function definition for
     'linearGradient'
    create_gradient_as_geometry: no visible global function definition for
     'radialGradient'
    Undefined global functions or variables:
     linearGradient radialGradient
Flavor: r-oldrel-windows-ix86+x86_64