Last updated on 2023-02-03 23:51:37 CET.
Flavor | Version | Tinstall | Tcheck | Ttotal | Status | Flags |
---|---|---|---|---|---|---|
r-devel-linux-x86_64-debian-clang | 0.5-1 | 7.00 | 51.46 | 58.46 | OK | |
r-devel-linux-x86_64-debian-gcc | 0.5-1 | 4.86 | 36.07 | 40.93 | OK | |
r-devel-linux-x86_64-fedora-clang | 0.5-1 | 71.85 | OK | |||
r-devel-linux-x86_64-fedora-gcc | 0.5-1 | 68.04 | OK | |||
r-patched-linux-x86_64 | 0.5-1 | 6.06 | 47.47 | 53.53 | OK | |
r-release-linux-x86_64 | 0.5-1 | 7.52 | 48.23 | 55.75 | OK | |
r-release-macos-arm64 | 0.5-1 | 26.00 | OK | |||
r-release-macos-x86_64 | 0.5-1 | 32.00 | NOTE | |||
r-release-windows-x86_64 | 0.5-1 | 103.00 | 78.00 | 181.00 | OK | |
r-oldrel-macos-arm64 | 0.5-1 | 26.00 | OK | |||
r-oldrel-macos-x86_64 | 0.5-1 | 44.00 | OK | |||
r-oldrel-windows-ix86+x86_64 | 0.5-1 | 12.00 | 70.00 | 82.00 | OK |
Version: 0.5-1
Check: package dependencies
Result: NOTE
Package suggested but not available for checking: ‘pdftools’
Flavor: r-release-macos-x86_64