Last updated on 2023-02-06 23:55:47 CET.
Flavor | Version | Tinstall | Tcheck | Ttotal | Status | Flags |
---|---|---|---|---|---|---|
r-devel-linux-x86_64-debian-clang | 0.0.1 | 60.97 | 81.22 | 142.19 | NOTE | |
r-devel-linux-x86_64-debian-gcc | 0.0.1 | 42.26 | 62.01 | 104.27 | NOTE | |
r-devel-linux-x86_64-fedora-clang | 0.0.1 | 171.68 | NOTE | |||
r-devel-linux-x86_64-fedora-gcc | 0.0.1 | 180.07 | NOTE | |||
r-devel-windows-x86_64 | 0.0.1 | 47.00 | 138.00 | 185.00 | NOTE | |
r-patched-linux-x86_64 | 0.0.1 | 43.20 | 76.50 | 119.70 | OK | |
r-release-linux-x86_64 | 0.0.1 | 43.47 | 79.84 | 123.31 | OK | |
r-release-macos-arm64 | 0.0.1 | 51.00 | OK | |||
r-release-macos-x86_64 | 0.0.1 | 66.00 | OK | |||
r-release-windows-x86_64 | 0.0.1 | 43.00 | 144.00 | 187.00 | OK | |
r-oldrel-macos-arm64 | 0.0.1 | 59.00 | NOTE | |||
r-oldrel-macos-x86_64 | 0.0.1 | 68.00 | OK | |||
r-oldrel-windows-ix86+x86_64 | 0.0.1 | 113.00 | 143.00 | 256.00 | OK |
Version: 0.0.1
Check: package subdirectories
Result: NOTE
Problems with news in ‘NEWS.md’:
No news entries found.
Flavors: r-devel-linux-x86_64-debian-clang, r-devel-linux-x86_64-debian-gcc, r-devel-linux-x86_64-fedora-clang, r-devel-linux-x86_64-fedora-gcc, r-devel-windows-x86_64
Version: 0.0.1
Check: installed package size
Result: NOTE
installed size is 5.2Mb
sub-directories of 1Mb or more:
libs 4.5Mb
Flavor: r-oldrel-macos-arm64