CRAN Package Check Results for Package graphlayouts

Last updated on 2024-07-20 00:56:49 CEST.

Flavor Version Tinstall Tcheck Ttotal Status Flags
r-devel-linux-x86_64-debian-clang 1.1.1 98.23 90.06 188.29 OK
r-devel-linux-x86_64-debian-gcc 1.1.1 49.12 73.34 122.46 OK
r-devel-linux-x86_64-fedora-clang 1.1.1 268.50 NOTE
r-devel-linux-x86_64-fedora-gcc 1.1.1 277.27 NOTE
r-devel-windows-x86_64 1.1.1 61.00 138.00 199.00 NOTE
r-patched-linux-x86_64 1.1.1 87.90 85.95 173.85 OK
r-release-linux-x86_64 1.1.1 83.73 86.18 169.91 OK
r-release-macos-arm64 1.1.1 55.00 ERROR
r-release-macos-x86_64 1.1.1 85.00 ERROR
r-release-windows-x86_64 1.1.1 77.00 123.00 200.00 NOTE
r-oldrel-macos-arm64 1.1.1 66.00 NOTE
r-oldrel-macos-x86_64 1.1.1 107.00 NOTE
r-oldrel-windows-x86_64 1.1.1 93.00 145.00 238.00 NOTE

Check Details

Version: 1.1.1
Check: data for non-ASCII characters
Result: NOTE Note: found 22 marked UTF-8 strings Flavors: r-devel-linux-x86_64-fedora-clang, r-devel-linux-x86_64-fedora-gcc

Version: 1.1.1
Check: installed package size
Result: NOTE installed size is 5.3Mb sub-directories of 1Mb or more: doc 1.9Mb help 2.0Mb libs 1.1Mb Flavors: r-devel-windows-x86_64, r-release-macos-arm64, r-release-macos-x86_64, r-release-windows-x86_64, r-oldrel-macos-arm64, r-oldrel-macos-x86_64, r-oldrel-windows-x86_64

Version: 1.1.1
Check: examples
Result: ERROR Running examples in ‘graphlayouts-Ex.R’ failed The error most likely occurred in: > ### Name: annotate_circle > ### Title: annotate concentric circles > ### Aliases: annotate_circle > > ### ** Examples > > library(igraph) Attaching package: ‘igraph’ The following objects are masked from ‘package:stats’: decompose, spectrum The following object is masked from ‘package:base’: union > library(ggraph) Loading required package: ggplot2 Error: package or namespace load failed for ‘ggraph’ in loadNamespace(j <- i[[1L]], c(lib.loc, .libPaths()), versionCheck = vI[[j]]): there is no package called ‘tweenr’ Execution halted Flavors: r-release-macos-arm64, r-release-macos-x86_64