CRAN Package Check Results for Package graphframes

Last updated on 2022-01-27 23:56:34 CET.

Flavor Version Tinstall Tcheck Ttotal Status Flags
r-devel-linux-x86_64-debian-clang 0.1.2 6.64 67.25 73.89 NOTE
r-devel-linux-x86_64-debian-gcc 0.1.2 5.70 51.25 56.95 NOTE
r-devel-linux-x86_64-fedora-clang 0.1.2 92.27 NOTE
r-devel-linux-x86_64-fedora-gcc 0.1.2 78.11 NOTE
r-devel-windows-x86_64-new-UL 0.1.2 62.00 91.00 153.00 NOTE
r-devel-windows-x86_64-new-TK 0.1.2 NOTE
r-patched-linux-x86_64 0.1.2 6.73 62.19 68.92 NOTE
r-release-linux-x86_64 0.1.2 5.99 61.29 67.28 NOTE
r-release-macos-arm64 0.1.2 NOTE
r-release-macos-x86_64 0.1.2 NOTE
r-release-windows-ix86+x86_64 0.1.2 17.00 77.00 94.00 NOTE
r-oldrel-macos-x86_64 0.1.2 OK
r-oldrel-windows-ix86+x86_64 0.1.2 16.00 80.00 96.00 OK

Check Details

Version: 0.1.2
Check: LazyData
Result: NOTE
     'LazyData' is specified without a 'data' directory
Flavors: r-devel-linux-x86_64-debian-clang, r-devel-linux-x86_64-debian-gcc, r-devel-linux-x86_64-fedora-clang, r-devel-linux-x86_64-fedora-gcc, r-devel-windows-x86_64-new-UL, r-devel-windows-x86_64-new-TK, r-patched-linux-x86_64, r-release-linux-x86_64, r-release-macos-arm64, r-release-macos-x86_64, r-release-windows-ix86+x86_64