CRAN Package Check Results for Package graphframes

Last updated on 2021-10-19 23:52:56 CEST.

Flavor Version Tinstall Tcheck Ttotal Status Flags
r-devel-linux-x86_64-debian-clang 0.1.2 7.06 57.77 64.83 NOTE
r-devel-linux-x86_64-debian-gcc 0.1.2 5.67 42.61 48.28 NOTE
r-devel-linux-x86_64-fedora-clang 0.1.2 88.52 NOTE
r-devel-linux-x86_64-fedora-gcc 0.1.2 74.33 NOTE
r-devel-windows-x86_64 0.1.2 12.00 82.00 94.00 NOTE
r-devel-windows-x86_64-gcc10-UCRT 0.1.2 NOTE
r-patched-linux-x86_64 0.1.2 6.86 52.42 59.28 NOTE
r-patched-solaris-x86 0.1.2 105.60 NOTE
r-release-linux-x86_64 0.1.2 5.60 52.53 58.13 NOTE
r-release-macos-arm64 0.1.2 NOTE
r-release-macos-x86_64 0.1.2 NOTE
r-release-windows-ix86+x86_64 0.1.2 21.00 79.00 100.00 NOTE
r-oldrel-macos-x86_64 0.1.2 OK
r-oldrel-windows-ix86+x86_64 0.1.2 17.00 83.00 100.00 OK

Check Details

Version: 0.1.2
Check: LazyData
Result: NOTE
     'LazyData' is specified without a 'data' directory
Flavors: r-devel-linux-x86_64-debian-clang, r-devel-linux-x86_64-debian-gcc, r-devel-linux-x86_64-fedora-clang, r-devel-linux-x86_64-fedora-gcc, r-devel-windows-x86_64, r-devel-windows-x86_64-gcc10-UCRT, r-patched-linux-x86_64, r-patched-solaris-x86, r-release-linux-x86_64, r-release-macos-arm64, r-release-macos-x86_64, r-release-windows-ix86+x86_64