Last updated on 2022-05-15 23:51:30 CEST.
Flavor | Version | Tinstall | Tcheck | Ttotal | Status | Flags |
---|---|---|---|---|---|---|
r-devel-linux-x86_64-debian-clang | 0.0.2 | 13.40 | 220.93 | 234.33 | NOTE | |
r-devel-linux-x86_64-debian-gcc | 0.0.2 | 12.73 | 159.76 | 172.49 | NOTE | |
r-devel-linux-x86_64-fedora-clang | 0.0.2 | 263.94 | NOTE | |||
r-devel-linux-x86_64-fedora-gcc | 0.0.2 | 295.83 | NOTE | |||
r-devel-windows-x86_64 | 0.0.2 | 40.00 | 229.00 | 269.00 | NOTE | |
r-patched-linux-x86_64 | 0.0.2 | 15.34 | 205.73 | 221.07 | NOTE | |
r-release-linux-x86_64 | 0.0.2 | 14.20 | 210.29 | 224.49 | NOTE | |
r-release-macos-arm64 | 0.0.2 | 63.00 | NOTE | |||
r-release-macos-x86_64 | 0.0.2 | 82.00 | NOTE | |||
r-release-windows-x86_64 | 0.0.2 | 38.00 | 225.00 | 263.00 | NOTE | |
r-oldrel-macos-arm64 | 0.0.2 | 76.00 | NOTE | |||
r-oldrel-macos-x86_64 | 0.0.2 | 126.00 | NOTE | |||
r-oldrel-windows-ix86+x86_64 | 0.0.2 | 36.00 | 238.00 | 274.00 | NOTE |
Version: 0.0.2
Check: LazyData
Result: NOTE
'LazyData' is specified without a 'data' directory
Flavors: r-devel-linux-x86_64-debian-clang, r-devel-linux-x86_64-debian-gcc, r-devel-linux-x86_64-fedora-clang, r-devel-linux-x86_64-fedora-gcc, r-devel-windows-x86_64, r-patched-linux-x86_64, r-release-linux-x86_64, r-release-macos-arm64, r-release-macos-x86_64, r-release-windows-x86_64, r-oldrel-macos-arm64, r-oldrel-macos-x86_64, r-oldrel-windows-ix86+x86_64