CRAN Package Check Results for Package gptstudio

Last updated on 2024-06-14 00:53:44 CEST.

Flavor Version Tinstall Tcheck Ttotal Status Flags
r-devel-linux-x86_64-debian-clang 0.4.0 8.15 84.50 92.65 OK
r-devel-linux-x86_64-debian-gcc 0.4.0 0.38 1.75 2.13 ERROR
r-devel-linux-x86_64-fedora-clang 0.4.0 123.95 NOTE
r-devel-linux-x86_64-fedora-gcc 0.4.0 129.96 OK
r-devel-windows-x86_64 0.4.0 10.00 101.00 111.00 OK
r-patched-linux-x86_64 0.4.0 11.19 83.18 94.37 OK
r-release-linux-x86_64 0.4.0 8.81 82.96 91.77 OK
r-release-macos-arm64 0.4.0 49.00 OK
r-release-macos-x86_64 0.4.0 70.00 OK
r-release-windows-x86_64 0.4.0 12.00 97.00 109.00 OK
r-oldrel-macos-arm64 0.4.0 59.00 OK
r-oldrel-macos-x86_64 0.4.0 111.00 OK
r-oldrel-windows-x86_64 0.4.0 13.00 107.00 120.00 OK

Check Details

Version: 0.4.0
Check: package dependencies
Result: ERROR Packages required but not available: 'httr2', 'purrr', 'rvest', 'shiny.i18n', 'SSEparser', 'stringr' Packages suggested but not available for checking: 'shinytest2', 'testthat' See section ‘The DESCRIPTION file’ in the ‘Writing R Extensions’ manual. Flavor: r-devel-linux-x86_64-debian-gcc

Version: 0.4.0
Check: package dependencies
Result: NOTE Imports includes 24 non-default packages. Importing from so many packages makes the package vulnerable to any of them becoming unavailable. Move as many as possible to Suggests and use conditionally. Flavor: r-devel-linux-x86_64-fedora-clang