CRAN Package Check Results for Package googleCloudRunner

Last updated on 2024-06-15 00:54:07 CEST.

Flavor Version Tinstall Tcheck Ttotal Status Flags
r-devel-linux-x86_64-debian-clang 0.5.0 8.37 83.18 91.55 NOTE
r-devel-linux-x86_64-debian-gcc 0.5.0 7.71 60.44 68.15 NOTE
r-devel-linux-x86_64-fedora-clang 0.5.0 112.02 NOTE
r-devel-linux-x86_64-fedora-gcc 0.5.0 108.63 NOTE
r-devel-windows-x86_64 0.5.0 11.00 97.00 108.00 NOTE
r-patched-linux-x86_64 0.5.0 11.23 78.65 89.88 NOTE
r-release-linux-x86_64 0.5.0 8.81 77.88 86.69 NOTE
r-release-macos-arm64 0.5.0 34.00 NOTE
r-release-macos-x86_64 0.5.0 71.00 NOTE
r-release-windows-x86_64 0.5.0 11.00 96.00 107.00 NOTE
r-oldrel-macos-arm64 0.5.0 37.00 OK
r-oldrel-macos-x86_64 0.5.0 56.00 OK
r-oldrel-windows-x86_64 0.5.0 13.00 113.00 126.00 OK

Check Details

Version: 0.5.0
Check: Rd files
Result: NOTE checkRd: (-1) GitHubEventsConfig.Rd:16: Lost braces; missing escapes or markup? 16 | \item{x}{The repository in format {owner}/{repo} e.g. MarkEdmondson1234/googleCloudRunner} | ^ checkRd: (-1) GitHubEventsConfig.Rd:16: Lost braces; missing escapes or markup? 16 | \item{x}{The repository in format {owner}/{repo} e.g. MarkEdmondson1234/googleCloudRunner} | ^ checkRd: (-1) cr_buildstep_targets.Rd:27: Lost braces 27 | \item{id}{The id of the buildstep. In link{cr_buildstep_targets_multi} this is used along with \code{waitFor} to determine the order of execution} | ^ checkRd: (-1) cr_setup_service.Rd:21: Lost braces; missing escapes or markup? 21 | \item{account_email}{The service account email e.g. \code{accountId@projectid.iam.gserviceaccount.com} or {12345678@cloudbuild.gserviceaccount.com}} | ^ Flavors: r-devel-linux-x86_64-debian-clang, r-devel-linux-x86_64-debian-gcc, r-devel-linux-x86_64-fedora-clang, r-devel-linux-x86_64-fedora-gcc, r-devel-windows-x86_64, r-patched-linux-x86_64, r-release-linux-x86_64, r-release-macos-arm64, r-release-macos-x86_64, r-release-windows-x86_64

Version: 0.5.0
Check: HTML version of manual
Result: NOTE Found the following HTML validation problems: cr_run.html:115:1 (cr_run.Rd:57): Warning: trimming empty <dt> Flavors: r-devel-linux-x86_64-debian-clang, r-devel-linux-x86_64-debian-gcc, r-devel-linux-x86_64-fedora-clang, r-devel-linux-x86_64-fedora-gcc, r-devel-windows-x86_64, r-patched-linux-x86_64, r-release-linux-x86_64, r-release-windows-x86_64

Version: 0.5.0
Check: Rd cross-references
Result: NOTE Undeclared packages ‘rcmdcheck’, ‘covr’, ‘devtools’, ‘pkgdown’ in Rd xrefs Flavor: r-devel-linux-x86_64-fedora-clang