Last updated on 2022-06-29 23:53:20 CEST.
Flavor | Version | Tinstall | Tcheck | Ttotal | Status | Flags |
---|---|---|---|---|---|---|
r-devel-linux-x86_64-debian-clang | 0.7-5 | 15.21 | 66.32 | 81.53 | NOTE | |
r-devel-linux-x86_64-debian-gcc | 0.7-5 | 8.18 | 50.54 | 58.72 | NOTE | |
r-devel-linux-x86_64-fedora-clang | 0.7-5 | 102.35 | NOTE | |||
r-devel-linux-x86_64-fedora-gcc | 0.7-5 | 102.11 | NOTE | |||
r-devel-windows-x86_64 | 0.7-5 | 39.00 | 88.00 | 127.00 | NOTE | |
r-patched-linux-x86_64 | 0.7-5 | 14.51 | 62.71 | 77.22 | OK | |
r-release-linux-x86_64 | 0.7-5 | 11.15 | 62.16 | 73.31 | OK | |
r-release-macos-arm64 | 0.7-5 | 31.00 | OK | |||
r-release-macos-x86_64 | 0.7-5 | 43.00 | OK | |||
r-release-windows-x86_64 | 0.7-5 | 38.00 | 99.00 | 137.00 | OK | |
r-oldrel-macos-arm64 | 0.7-5 | 29.00 | OK | |||
r-oldrel-macos-x86_64 | 0.7-5 | 39.00 | OK | |||
r-oldrel-windows-ix86+x86_64 | 0.7-5 | 28.00 | 83.00 | 111.00 | OK |
Version: 0.7-5
Check: Rd files
Result: NOTE
checkRd: (-1) BVDWSTOXX.Rd:14: Escaped LaTeX specials: \&
checkRd: (-1) BVDWSTOXX.Rd:15: Escaped LaTeX specials: \&
checkRd: (-1) BVDWSTOXX.Rd:16: Escaped LaTeX specials: \& \&
checkRd: (-1) BVDWSTOXX.Rd:26: Escaped LaTeX specials: \&
checkRd: (-1) BVDWSTOXX.Rd:31: Escaped LaTeX specials: \&
checkRd: (-1) BVDWSTOXX.Rd:34: Escaped LaTeX specials: \&
checkRd: (-1) BVDWSTOXX.Rd:37: Escaped LaTeX specials: \&
Flavors: r-devel-linux-x86_64-debian-clang, r-devel-linux-x86_64-debian-gcc, r-devel-linux-x86_64-fedora-clang, r-devel-linux-x86_64-fedora-gcc, r-devel-windows-x86_64
Version: 0.7-5
Check: Rd cross-references
Result: NOTE
Undeclared package ‘fBasics’ in Rd xrefs
Flavor: r-devel-linux-x86_64-fedora-clang