CRAN Package Check Results for Package gma

Last updated on 2021-09-19 23:50:09 CEST.

Flavor Version Tinstall Tcheck Ttotal Status Flags
r-devel-linux-x86_64-debian-clang 1.0 7.91 59.24 67.15 OK
r-devel-linux-x86_64-debian-gcc 1.0 5.84 44.09 49.93 OK
r-devel-linux-x86_64-fedora-clang 1.0 88.61 OK
r-devel-linux-x86_64-fedora-gcc 1.0 74.59 OK
r-devel-windows-x86_64 1.0 10.00 58.00 68.00 OK
r-devel-windows-x86_64-gcc10-UCRT 1.0 ERROR
r-patched-linux-x86_64 1.0 8.07 55.43 63.50 OK
r-patched-solaris-x86 1.0 115.90 OK
r-release-linux-x86_64 1.0 7.49 55.28 62.77 OK
r-release-macos-arm64 1.0 OK
r-release-macos-x86_64 1.0 OK
r-release-windows-ix86+x86_64 1.0 19.00 60.00 79.00 OK
r-oldrel-macos-x86_64 1.0 OK
r-oldrel-windows-ix86+x86_64 1.0 18.00 55.00 73.00 OK

Check Details

Version: 1.0
Check: whether package can be installed
Result: WARN
    Found the following significant warnings:
     WARNING: installation-time patches will not be applied, could not get the patches index
Flavor: r-devel-windows-x86_64-gcc10-UCRT

Version: 1.0
Check: PDF version of manual
Result: WARN
    LaTeX errors when creating PDF version.
    This typically indicates Rd problems.
Flavor: r-devel-windows-x86_64-gcc10-UCRT

Version: 1.0
Check: PDF version of manual without hyperrefs or index
Result: ERROR
    Re-running with no redirection of stdout/stderr.
Flavor: r-devel-windows-x86_64-gcc10-UCRT