CRAN Package Check Results for Package gm

Last updated on 2021-09-22 23:49:57 CEST.

Flavor Version Tinstall Tcheck Ttotal Status Flags
r-devel-linux-x86_64-debian-clang 1.0.2 6.13 49.09 55.22 OK
r-devel-linux-x86_64-debian-gcc 1.0.2 5.81 38.25 44.06 OK
r-devel-linux-x86_64-fedora-clang 1.0.2 76.26 OK
r-devel-linux-x86_64-fedora-gcc 1.0.2 63.00 OK
r-devel-windows-x86_64 1.0.2 7.00 50.00 57.00 OK
r-devel-windows-x86_64-gcc10-UCRT 1.0.2 ERROR
r-patched-linux-x86_64 1.0.2 6.70 48.09 54.79 OK
r-patched-solaris-x86 1.0.2 85.50 OK
r-release-linux-x86_64 1.0.2 7.08 46.97 54.05 OK
r-release-macos-arm64 1.0.2 OK
r-release-macos-x86_64 1.0.2 OK
r-release-windows-ix86+x86_64 1.0.2 12.00 49.00 61.00 OK
r-oldrel-macos-x86_64 1.0.2 OK
r-oldrel-windows-ix86+x86_64 1.0.2 10.00 50.00 60.00 OK

Check Details

Version: 1.0.2
Check: PDF version of manual
Result: WARN
    LaTeX errors when creating PDF version.
    This typically indicates Rd problems.
Flavor: r-devel-windows-x86_64-gcc10-UCRT

Version: 1.0.2
Check: PDF version of manual without hyperrefs or index
Result: ERROR
    Re-running with no redirection of stdout/stderr.
Flavor: r-devel-windows-x86_64-gcc10-UCRT