CRAN Package Check Results for Package glottospace

Last updated on 2022-12-07 23:55:14 CET.

Flavor Version Tinstall Tcheck Ttotal Status Flags
r-devel-linux-x86_64-debian-clang 0.0.112 13.27 72.58 85.85 OK
r-devel-linux-x86_64-debian-gcc 0.0.112 9.41 53.74 63.15 OK
r-devel-linux-x86_64-fedora-clang 0.0.112 117.39 NOTE
r-devel-linux-x86_64-fedora-gcc 0.0.112 112.78 NOTE
r-devel-windows-x86_64 0.0.112 89.00 103.00 192.00 OK
r-patched-linux-x86_64 0.0.112 12.75 66.96 79.71 OK
r-release-linux-x86_64 0.0.112 8.88 67.77 76.65 OK
r-release-macos-arm64 0.0.112 34.00 NOTE
r-release-macos-x86_64 0.0.112 59.00 NOTE
r-release-windows-x86_64 0.0.112 74.00 97.00 171.00 OK
r-oldrel-macos-arm64 0.0.112 26.00 NOTE
r-oldrel-macos-x86_64 0.0.112 46.00 NOTE
r-oldrel-windows-ix86+x86_64 0.0.112 23.00 92.00 115.00 OK

Check Details

Version: 0.0.112
Check: dependencies in R code
Result: NOTE
    Namespace in Imports field not imported from: ‘rnaturalearthdata’
     All declared Imports should be used.
Flavors: r-devel-linux-x86_64-fedora-clang, r-devel-linux-x86_64-fedora-gcc, r-release-macos-arm64, r-release-macos-x86_64, r-oldrel-macos-arm64, r-oldrel-macos-x86_64

Version: 0.0.112
Check: data for non-ASCII characters
Result: NOTE
     Note: found 1191 marked UTF-8 strings
Flavors: r-devel-linux-x86_64-fedora-clang, r-devel-linux-x86_64-fedora-gcc, r-release-macos-arm64, r-release-macos-x86_64, r-oldrel-macos-arm64, r-oldrel-macos-x86_64