CRAN Package Check Results for Package glossr

Last updated on 2024-06-16 00:58:21 CEST.

Flavor Version Tinstall Tcheck Ttotal Status Flags
r-devel-linux-x86_64-debian-clang 0.8.0 5.81 75.12 80.93 OK
r-devel-linux-x86_64-debian-gcc 0.8.0 5.32 57.27 62.59 OK
r-devel-linux-x86_64-fedora-clang 0.8.0 109.31 NOTE
r-devel-linux-x86_64-fedora-gcc 0.8.0 113.55 NOTE
r-devel-windows-x86_64 0.8.0 7.00 79.00 86.00 OK
r-patched-linux-x86_64 0.8.0 6.61 72.79 79.40 OK
r-release-linux-x86_64 0.8.0 5.96 72.45 78.41 OK
r-release-macos-arm64 0.8.0 43.00 OK
r-release-macos-x86_64 0.8.0 61.00 OK
r-release-windows-x86_64 0.8.0 8.00 78.00 86.00 OK
r-oldrel-macos-arm64 0.8.0 48.00 OK
r-oldrel-macos-x86_64 0.8.0 97.00 OK
r-oldrel-windows-x86_64 0.8.0 8.00 90.00 98.00 OK

Check Details

Version: 0.8.0
Check: dependencies in R code
Result: NOTE Namespace in Imports field not imported from: ‘rlang’ All declared Imports should be used. Flavors: r-devel-linux-x86_64-fedora-clang, r-devel-linux-x86_64-fedora-gcc

Version: 0.8.0
Check: data for non-ASCII characters
Result: NOTE Note: found 2 marked UTF-8 strings Flavors: r-devel-linux-x86_64-fedora-clang, r-devel-linux-x86_64-fedora-gcc