Last updated on 2023-09-22 00:53:19 CEST.
Flavor | Version | Tinstall | Tcheck | Ttotal | Status | Flags |
---|---|---|---|---|---|---|
r-devel-linux-x86_64-debian-clang | 0.1.7 | 314.41 | 264.37 | 578.78 | NOTE | |
r-devel-linux-x86_64-debian-gcc | 0.1.7 | 219.10 | 200.45 | 419.55 | NOTE | |
r-devel-linux-x86_64-fedora-clang | 0.1.7 | 721.89 | NOTE | |||
r-devel-linux-x86_64-fedora-gcc | 0.1.7 | 530.45 | NOTE | |||
r-devel-windows-x86_64 | 0.1.7 | 201.00 | 235.00 | 436.00 | NOTE | |
r-patched-linux-x86_64 | 0.1.7 | 236.89 | 267.79 | 504.68 | NOTE | |
r-release-linux-x86_64 | 0.1.7 | 209.78 | 259.92 | 469.70 | NOTE | |
r-release-macos-arm64 | 0.1.7 | 138.00 | NOTE | |||
r-release-macos-x86_64 | 0.1.7 | 195.00 | NOTE | |||
r-release-windows-x86_64 | 0.1.7 | 271.00 | 294.00 | 565.00 | NOTE | |
r-oldrel-macos-arm64 | 0.1.7 | 111.00 | NOTE | |||
r-oldrel-macos-x86_64 | 0.1.7 | 158.00 | NOTE | |||
r-oldrel-windows-x86_64 | 0.1.7 | 252.00 | 272.00 | 524.00 | NOTE |
Version: 0.1.7
Check: for GNU extensions in Makefiles
Result: NOTE
GNU make is a SystemRequirements.
Flavors: r-devel-linux-x86_64-debian-clang, r-devel-linux-x86_64-debian-gcc, r-devel-linux-x86_64-fedora-clang, r-devel-linux-x86_64-fedora-gcc, r-devel-windows-x86_64, r-patched-linux-x86_64, r-release-linux-x86_64, r-release-macos-arm64, r-release-macos-x86_64, r-release-windows-x86_64, r-oldrel-macos-arm64, r-oldrel-macos-x86_64, r-oldrel-windows-x86_64
Version: 0.1.7
Check: installed package size
Result: NOTE
installed size is 50.5Mb
sub-directories of 1Mb or more:
libs 49.8Mb
Flavors: r-release-macos-arm64, r-release-macos-x86_64, r-oldrel-macos-arm64, r-oldrel-macos-x86_64