CRAN Package Check Results for Package glmmfields

Last updated on 2022-12-07 23:55:14 CET.

Flavor Version Tinstall Tcheck Ttotal Status Flags
r-devel-linux-x86_64-debian-clang 0.1.4 232.21 140.52 372.73 NOTE
r-devel-linux-x86_64-debian-gcc 0.1.4 145.50 110.43 255.93 NOTE
r-devel-linux-x86_64-fedora-clang 0.1.4 409.99 NOTE
r-devel-linux-x86_64-fedora-gcc 0.1.4 444.63 NOTE
r-devel-windows-x86_64 0.1.4 123.00 206.00 329.00 NOTE
r-patched-linux-x86_64 0.1.4 123.96 138.88 262.84 NOTE
r-release-linux-x86_64 0.1.4 120.42 140.54 260.96 NOTE
r-release-macos-arm64 0.1.4 101.00 NOTE
r-release-macos-x86_64 0.1.4 216.00 NOTE
r-release-windows-x86_64 0.1.4 117.00 208.00 325.00 NOTE
r-oldrel-macos-arm64 0.1.4 162.00 NOTE
r-oldrel-macos-x86_64 0.1.4 217.00 NOTE
r-oldrel-windows-ix86+x86_64 0.1.4 351.00 244.00 595.00 NOTE

Check Details

Version: 0.1.4
Check: for GNU extensions in Makefiles
Result: NOTE
    GNU make is a SystemRequirements.
Flavors: r-devel-linux-x86_64-debian-clang, r-devel-linux-x86_64-debian-gcc, r-devel-linux-x86_64-fedora-clang, r-devel-linux-x86_64-fedora-gcc, r-devel-windows-x86_64, r-patched-linux-x86_64, r-release-linux-x86_64, r-release-macos-arm64, r-release-macos-x86_64, r-release-windows-x86_64, r-oldrel-macos-arm64, r-oldrel-macos-x86_64, r-oldrel-windows-ix86+x86_64

Version: 0.1.4
Check: installed package size
Result: NOTE
     installed size is 48.9Mb
     sub-directories of 1Mb or more:
     libs 48.2Mb
Flavors: r-release-macos-arm64, r-release-macos-x86_64, r-oldrel-macos-arm64, r-oldrel-macos-x86_64, r-oldrel-windows-ix86+x86_64