CRAN Package Check Results for Package glm.deploy

Last updated on 2023-01-28 23:51:39 CET.

Flavor Version Tinstall Tcheck Ttotal Status Flags
r-devel-linux-x86_64-debian-clang 1.0.4 19.34 31.06 50.40 NOTE
r-devel-linux-x86_64-debian-gcc 1.0.4 17.50 24.54 42.04 NOTE
r-devel-linux-x86_64-fedora-clang 1.0.4 73.27 NOTE
r-devel-linux-x86_64-fedora-gcc 1.0.4 66.72 NOTE
r-devel-windows-x86_64 1.0.4 28.00 75.00 103.00 NOTE
r-patched-linux-x86_64 1.0.4 16.45 31.61 48.06 NOTE
r-release-linux-x86_64 1.0.4 19.26 30.81 50.07 NOTE
r-release-macos-arm64 1.0.4 24.00 NOTE
r-release-macos-x86_64 1.0.4 32.00 NOTE
r-release-windows-x86_64 1.0.4 24.00 83.00 107.00 NOTE
r-oldrel-macos-arm64 1.0.4 27.00 NOTE
r-oldrel-macos-x86_64 1.0.4 42.00 NOTE
r-oldrel-windows-ix86+x86_64 1.0.4 52.00 82.00 134.00 NOTE

Check Details

Version: 1.0.4
Check: LazyData
Result: NOTE
     'LazyData' is specified without a 'data' directory
Flavors: r-devel-linux-x86_64-debian-clang, r-devel-linux-x86_64-debian-gcc, r-devel-linux-x86_64-fedora-clang, r-devel-linux-x86_64-fedora-gcc, r-devel-windows-x86_64, r-patched-linux-x86_64, r-release-linux-x86_64, r-release-macos-arm64, r-release-macos-x86_64, r-release-windows-x86_64, r-oldrel-macos-arm64, r-oldrel-macos-x86_64, r-oldrel-windows-ix86+x86_64